Last updated on 2024-04-18 22:52:52 CEST.
Flavor | Version | Tinstall | Tcheck | Ttotal | Status | Flags |
---|---|---|---|---|---|---|
r-devel-linux-x86_64-debian-clang | 0.0.1 | 88.34 | 135.43 | 223.77 | NOTE | |
r-devel-linux-x86_64-debian-gcc | 0.0.1 | 71.35 | 99.66 | 171.01 | NOTE | |
r-devel-linux-x86_64-fedora-clang | 0.0.1 | 299.44 | NOTE | |||
r-devel-linux-x86_64-fedora-gcc | 0.0.1 | 298.44 | NOTE | |||
r-prerel-macos-arm64 | 0.0.1 | 68.00 | NOTE | |||
r-prerel-windows-x86_64 | 0.0.1 | 64.00 | 122.00 | 186.00 | NOTE | |
r-patched-linux-x86_64 | 0.0.1 | 66.09 | 129.68 | 195.77 | NOTE | |
r-release-linux-x86_64 | 0.0.1 | 64.76 | 129.40 | 194.16 | NOTE | |
r-release-macos-arm64 | 0.0.1 | 87.00 | NOTE | |||
r-release-macos-x86_64 | 0.0.1 | 128.00 | NOTE | |||
r-release-windows-x86_64 | 0.0.1 | 84.00 | 150.00 | 234.00 | NOTE | |
r-oldrel-macos-arm64 | 0.0.1 | 71.00 | NOTE | |||
r-oldrel-windows-x86_64 | 0.0.1 | 82.00 | 156.00 | 238.00 | NOTE |
Version: 0.0.1
Check: C++ specification
Result: NOTE
Specified C++11: please drop specification unless essential
Flavors: r-devel-linux-x86_64-debian-clang, r-devel-linux-x86_64-debian-gcc, r-devel-linux-x86_64-fedora-clang, r-devel-linux-x86_64-fedora-gcc, r-prerel-macos-arm64, r-prerel-windows-x86_64, r-patched-linux-x86_64, r-release-linux-x86_64, r-release-macos-arm64, r-release-macos-x86_64, r-release-windows-x86_64
Version: 0.0.1
Check: LazyData
Result: NOTE
'LazyData' is specified without a 'data' directory
Flavors: r-devel-linux-x86_64-debian-clang, r-devel-linux-x86_64-debian-gcc, r-devel-linux-x86_64-fedora-clang, r-devel-linux-x86_64-fedora-gcc, r-prerel-macos-arm64, r-prerel-windows-x86_64, r-patched-linux-x86_64, r-release-linux-x86_64, r-release-macos-arm64, r-release-macos-x86_64, r-release-windows-x86_64, r-oldrel-macos-arm64, r-oldrel-windows-x86_64
Version: 0.0.1
Check: installed package size
Result: NOTE
installed size is 11.2Mb
sub-directories of 1Mb or more:
libs 10.9Mb
Flavors: r-prerel-macos-arm64, r-release-macos-arm64, r-release-macos-x86_64, r-oldrel-macos-arm64