CRAN Package Check Results for Package peruse

Last updated on 2024-02-24 21:40:28 CET.

Flavor Version Tinstall Tcheck Ttotal Status Flags
r-devel-linux-x86_64-debian-clang 0.3.1 2.79 31.81 34.60 NOTE
r-devel-linux-x86_64-debian-gcc 0.3.1 2.30 24.54 26.84 NOTE
r-devel-linux-x86_64-fedora-clang 0.3.1 42.50 NOTE
r-devel-linux-x86_64-fedora-gcc 0.3.1 40.41 NOTE
r-devel-windows-x86_64 0.3.1 3.00 47.00 50.00 NOTE
r-patched-linux-x86_64 0.3.1 3.28 31.59 34.87 NOTE
r-release-linux-x86_64 0.3.1 2.09 31.03 33.12 NOTE
r-release-macos-arm64 0.3.1 18.00 NOTE
r-release-macos-x86_64 0.3.1 24.00 NOTE
r-release-windows-x86_64 0.3.1 5.00 47.00 52.00 NOTE
r-oldrel-macos-arm64 0.3.1 18.00 NOTE
r-oldrel-windows-x86_64 0.3.1 5.00 51.00 56.00 NOTE

Check Details

Version: 0.3.1
Check: LazyData
Result: NOTE 'LazyData' is specified without a 'data' directory Flavors: r-devel-linux-x86_64-debian-clang, r-devel-linux-x86_64-debian-gcc, r-devel-linux-x86_64-fedora-clang, r-devel-linux-x86_64-fedora-gcc, r-devel-windows-x86_64, r-patched-linux-x86_64, r-release-linux-x86_64, r-release-macos-arm64, r-release-macos-x86_64, r-release-windows-x86_64, r-oldrel-macos-arm64, r-oldrel-windows-x86_64