Last updated on 2024-04-18 22:52:52 CEST.
Flavor | Version | Tinstall | Tcheck | Ttotal | Status | Flags |
---|---|---|---|---|---|---|
r-devel-linux-x86_64-debian-clang | 1.6 | 6.88 | 74.02 | 80.90 | NOTE | |
r-devel-linux-x86_64-debian-gcc | 1.6 | 6.65 | 55.29 | 61.94 | NOTE | |
r-devel-linux-x86_64-fedora-clang | 1.6 | 101.26 | NOTE | |||
r-devel-linux-x86_64-fedora-gcc | 1.6 | 95.49 | NOTE | |||
r-prerel-macos-arm64 | 1.6 | 32.00 | NOTE | |||
r-prerel-windows-x86_64 | 1.6 | 8.00 | 67.00 | 75.00 | NOTE | |
r-patched-linux-x86_64 | 1.6 | 7.68 | 69.15 | 76.83 | NOTE | |
r-release-linux-x86_64 | 1.6 | 6.27 | 71.69 | 77.96 | NOTE | |
r-release-macos-arm64 | 1.6 | 34.00 | NOTE | |||
r-release-macos-x86_64 | 1.6 | 57.00 | NOTE | |||
r-release-windows-x86_64 | 1.6 | 10.00 | 78.00 | 88.00 | NOTE | |
r-oldrel-macos-arm64 | 1.6 | 33.00 | NOTE | |||
r-oldrel-windows-x86_64 | 1.6 | 11.00 | 88.00 | 99.00 | NOTE |
Version: 1.6
Check: LazyData
Result: NOTE
'LazyData' is specified without a 'data' directory
Flavors: r-devel-linux-x86_64-debian-clang, r-devel-linux-x86_64-debian-gcc, r-devel-linux-x86_64-fedora-clang, r-devel-linux-x86_64-fedora-gcc, r-prerel-macos-arm64, r-prerel-windows-x86_64, r-patched-linux-x86_64, r-release-linux-x86_64, r-release-macos-arm64, r-release-macos-x86_64, r-release-windows-x86_64, r-oldrel-macos-arm64, r-oldrel-windows-x86_64