CRAN Package Check Results for Package ph2rand

Last updated on 2021-08-04 22:55:26 CEST.

Flavor Version Tinstall Tcheck Ttotal Status Flags
r-devel-linux-x86_64-debian-clang 0.1.0 84.50 210.11 294.61 OK
r-devel-linux-x86_64-debian-gcc 0.1.0 53.02 151.59 204.61 OK
r-devel-linux-x86_64-fedora-clang 0.1.0 375.31 NOTE
r-devel-linux-x86_64-fedora-gcc 0.1.0 343.35 OK
r-devel-windows-x86_64 0.1.0 87.00 255.00 342.00 NOTE
r-devel-windows-x86_64-gcc10-UCRT 0.1.0 OK
r-patched-linux-x86_64 0.1.0 68.96 193.39 262.35 OK
r-patched-solaris-x86 0.1.0 451.80 NOTE
r-release-linux-x86_64 0.1.0 64.12 192.14 256.26 OK
r-release-macos-arm64 0.1.0 WARN
r-release-macos-x86_64 0.1.0 NOTE
r-release-windows-ix86+x86_64 0.1.0 160.00 310.00 470.00 NOTE
r-oldrel-macos-x86_64 0.1.0 NOTE
r-oldrel-windows-ix86+x86_64 0.1.0 121.00 322.00 443.00 NOTE

Check Details

Version: 0.1.0
Check: installed package size
Result: NOTE
     installed size is 12.6Mb
     sub-directories of 1Mb or more:
     doc 6.3Mb
     help 1.2Mb
     libs 4.8Mb
Flavors: r-devel-linux-x86_64-fedora-clang, r-devel-windows-x86_64, r-patched-solaris-x86, r-release-macos-arm64, r-release-macos-x86_64, r-release-windows-ix86+x86_64, r-oldrel-macos-x86_64, r-oldrel-windows-ix86+x86_64

Version: 0.1.0
Check: re-building of vignette outputs
Result: WARN
    Error(s) in re-building vignettes:
     ...
    --- re-building ‘ph2rand.Rmd’ using rmarkdown
    Warning in engine$weave(file, quiet = quiet, encoding = enc) :
     Pandoc (>= 1.12.3) not available. Falling back to R Markdown v1.
    Quitting from lines 573-576 (ph2rand.Rmd)
    Error: processing vignette 'ph2rand.Rmd' failed with diagnostics:
    polygon edge not found
    --- failed re-building ‘ph2rand.Rmd’
    
    --- re-building ‘validation.Rmd’ using rmarkdown
    Warning in engine$weave(file, quiet = quiet, encoding = enc) :
     Pandoc (>= 1.12.3) not available. Falling back to R Markdown v1.
    --- finished re-building ‘validation.Rmd’
    
    SUMMARY: processing the following file failed:
     ‘ph2rand.Rmd’
    
    Error: Vignette re-building failed.
    Execution halted
Flavor: r-release-macos-arm64