Last updated on 2023-09-28 23:08:53 CEST.
Flavor | Version | Tinstall | Tcheck | Ttotal | Status | Flags |
---|---|---|---|---|---|---|
r-devel-linux-x86_64-debian-clang | 1.0.2 | 9.32 | 78.17 | 87.49 | OK | |
r-devel-linux-x86_64-debian-gcc | 1.0.2 | 7.46 | 57.55 | 65.01 | OK | |
r-devel-linux-x86_64-fedora-clang | 1.0.2 | 106.69 | NOTE | |||
r-devel-linux-x86_64-fedora-gcc | 1.0.2 | 102.85 | OK | |||
r-devel-windows-x86_64 | 1.0.2 | 9.00 | 77.00 | 86.00 | OK | |
r-patched-linux-x86_64 | 1.0.2 | 7.32 | 73.33 | 80.65 | OK | |
r-release-linux-x86_64 | 1.0.2 | 6.02 | 74.04 | 80.06 | OK | |
r-release-macos-arm64 | 1.0.2 | 32.00 | OK | |||
r-release-macos-x86_64 | 1.0.2 | 57.00 | NOTE | |||
r-release-windows-x86_64 | 1.0.2 | 13.00 | 90.00 | 103.00 | OK | |
r-oldrel-macos-arm64 | 1.0.2 | 41.00 | OK | |||
r-oldrel-macos-x86_64 | 1.0.2 | 49.00 | OK | |||
r-oldrel-windows-x86_64 | 1.0.2 | 14.00 | 92.00 | 106.00 | OK |
Version: 1.0.2
Check: Rd cross-references
Result: NOTE
Undeclared package ‘phase1RMD’ in Rd xrefs
Flavor: r-devel-linux-x86_64-fedora-clang
Version: 1.0.2
Check: Rd cross-references
Result: NOTE
Package unavailable to check Rd xrefs: ‘phase1RMD’
Flavor: r-release-macos-x86_64