CRAN Package Check Results for Package phaseR

Last updated on 2023-12-07 21:55:56 CET.

Flavor Version Tinstall Tcheck Ttotal Status Flags
r-devel-linux-x86_64-debian-clang 2.2.1 4.49 119.71 124.20 NOTE
r-devel-linux-x86_64-debian-gcc 2.2.1 3.52 85.28 88.80 NOTE
r-devel-linux-x86_64-fedora-clang 2.2.1 158.72 OK
r-devel-linux-x86_64-fedora-gcc 2.2.1 163.69 OK
r-devel-windows-x86_64 2.2.1 6.00 101.00 107.00 OK
r-patched-linux-x86_64 2.2.1 6.12 115.98 122.10 OK
r-release-linux-x86_64 2.2.1 3.48 114.86 118.34 OK
r-release-macos-arm64 2.2.1 48.00 OK
r-release-macos-x86_64 2.2.1 73.00 OK
r-release-windows-x86_64 2.2.1 5.00 120.00 125.00 OK
r-oldrel-macos-arm64 2.2.1 41.00 OK
r-oldrel-macos-x86_64 2.2.1 51.00 OK
r-oldrel-windows-x86_64 2.2.1 7.00 110.00 117.00 OK

Check Details

Version: 2.2.1
Check: Rd files
Result: NOTE checkRd: (-1) phasePlaneAnalysis.Rd:84: Lost braces; missing escapes or markup? 84 | identified {see (3) above}, if this point is a saddle then the manifolds are | ^ Flavors: r-devel-linux-x86_64-debian-clang, r-devel-linux-x86_64-debian-gcc