CRAN Package Check Results for Package pheatmap

Last updated on 2021-09-16 22:55:39 CEST.

Flavor Version Tinstall Tcheck Ttotal Status Flags
r-devel-linux-x86_64-debian-clang 1.0.12 3.85 34.44 38.29 NOTE
r-devel-linux-x86_64-debian-gcc 1.0.12 2.59 26.28 28.87 NOTE
r-devel-linux-x86_64-fedora-clang 1.0.12 53.79 NOTE
r-devel-linux-x86_64-fedora-gcc 1.0.12 43.11 NOTE
r-devel-windows-x86_64 1.0.12 5.00 50.00 55.00 OK
r-devel-windows-x86_64-gcc10-UCRT 1.0.12 OK
r-patched-linux-x86_64 1.0.12 6.14 33.16 39.30 NOTE
r-patched-solaris-x86 1.0.12 66.40 NOTE
r-release-linux-x86_64 1.0.12 3.18 33.70 36.88 NOTE
r-release-macos-arm64 1.0.12 OK
r-release-macos-x86_64 1.0.12 OK
r-release-windows-ix86+x86_64 1.0.12 7.00 38.00 45.00 OK
r-oldrel-macos-x86_64 1.0.12 OK
r-oldrel-windows-ix86+x86_64 1.0.12 6.00 52.00 58.00 OK

Check Details

Version: 1.0.12
Check: for non-standard things in the check directory
Result: NOTE
    Found the following files/directories:
     'test.pdf'
Flavors: r-devel-linux-x86_64-debian-clang, r-devel-linux-x86_64-debian-gcc, r-devel-linux-x86_64-fedora-clang, r-devel-linux-x86_64-fedora-gcc, r-patched-linux-x86_64, r-patched-solaris-x86, r-release-linux-x86_64