CRAN Package Check Results for Package phonTools

Last updated on 2021-06-17 22:55:03 CEST.

Flavor Version Tinstall Tcheck Ttotal Status Flags
r-devel-linux-x86_64-debian-clang 0.2-2.1 5.79 65.22 71.01 NOTE
r-devel-linux-x86_64-debian-gcc 0.2-2.1 5.24 49.51 54.75 NOTE
r-devel-linux-x86_64-fedora-clang 0.2-2.1 93.68 NOTE
r-devel-linux-x86_64-fedora-gcc 0.2-2.1 84.28 NOTE
r-devel-windows-x86_64 0.2-2.1 11.00 85.00 96.00 OK
r-devel-windows-x86_64-gcc10-UCRT 0.2-2.1 OK
r-patched-linux-x86_64 0.2-2.1 6.06 63.27 69.33 NOTE
r-patched-solaris-x86 0.2-2.1 115.30 NOTE
r-release-linux-x86_64 0.2-2.1 6.83 63.39 70.22 NOTE
r-release-macos-arm64 0.2-2.1 OK
r-release-macos-x86_64 0.2-2.1 OK
r-release-windows-ix86+x86_64 0.2-2.1 9.00 66.00 75.00 OK
r-oldrel-macos-x86_64 0.2-2.1 OK
r-oldrel-windows-ix86+x86_64 0.2-2.1 10.00 61.00 71.00 OK

Check Details

Version: 0.2-2.1
Check: for non-standard things in the check directory
Result: NOTE
    Found the following files/directories:
     '1khz.wav' 'snd.wav'
Flavors: r-devel-linux-x86_64-debian-clang, r-devel-linux-x86_64-debian-gcc, r-devel-linux-x86_64-fedora-clang, r-devel-linux-x86_64-fedora-gcc, r-patched-linux-x86_64, r-patched-solaris-x86, r-release-linux-x86_64