CRAN Package Check Results for Package phonfieldwork

Last updated on 2021-11-30 22:54:39 CET.

Flavor Version Tinstall Tcheck Ttotal Status Flags
r-devel-linux-x86_64-debian-clang 0.0.11 6.89 56.37 63.26 NOTE
r-devel-linux-x86_64-debian-gcc 0.0.11 5.12 48.17 53.29 NOTE
r-devel-linux-x86_64-fedora-clang 0.0.11 88.32 NOTE
r-devel-linux-x86_64-fedora-gcc 0.0.11 75.67 NOTE
r-devel-windows-x86_64-new-UL 0.0.11 17.00 121.00 138.00 NOTE
r-devel-windows-x86_64-new-TK 0.0.11 NOTE
r-devel-windows-x86_64-old 0.0.11 10.00 63.00 73.00 NOTE
r-patched-linux-x86_64 0.0.11 6.37 55.48 61.85 NOTE
r-patched-solaris-x86 0.0.11 105.80 NOTE
r-release-linux-x86_64 0.0.11 5.59 57.16 62.75 NOTE
r-release-macos-arm64 0.0.11 NOTE
r-release-macos-x86_64 0.0.11 NOTE
r-release-windows-ix86+x86_64 0.0.11 15.00 60.00 75.00 NOTE
r-oldrel-macos-x86_64 0.0.11 OK
r-oldrel-windows-ix86+x86_64 0.0.11 9.00 57.00 66.00 OK

Check Details

Version: 0.0.11
Check: LazyData
Result: NOTE
     'LazyData' is specified without a 'data' directory
Flavors: r-devel-linux-x86_64-debian-clang, r-devel-linux-x86_64-debian-gcc, r-devel-linux-x86_64-fedora-clang, r-devel-linux-x86_64-fedora-gcc, r-devel-windows-x86_64-new-UL, r-devel-windows-x86_64-new-TK, r-devel-windows-x86_64-old, r-patched-linux-x86_64, r-patched-solaris-x86, r-release-linux-x86_64, r-release-macos-arm64, r-release-macos-x86_64, r-release-windows-ix86+x86_64