CRAN Package Check Results for Package phonfieldwork

Last updated on 2021-05-17 22:56:34 CEST.

Flavor Version Tinstall Tcheck Ttotal Status Flags
r-devel-linux-x86_64-debian-clang 0.0.11 6.50 58.04 64.54 NOTE
r-devel-linux-x86_64-debian-gcc 0.0.11 4.78 44.88 49.66 NOTE
r-devel-linux-x86_64-fedora-clang 0.0.11 84.55 NOTE
r-devel-linux-x86_64-fedora-gcc 0.0.11 75.51 NOTE
r-devel-windows-ix86+x86_64 0.0.11 14.00 58.00 72.00 NOTE
r-devel-windows-x86_64-gcc10-UCRT 0.0.11 NOTE
r-patched-linux-x86_64 0.0.11 7.36 56.88 64.24 NOTE
r-patched-solaris-x86 0.0.11 102.80 NOTE
r-release-linux-x86_64 0.0.11 6.59 54.23 60.82 OK
r-release-macos-x86_64 0.0.11 OK
r-release-windows-ix86+x86_64 0.0.11 12.00 58.00 70.00 OK
r-oldrel-macos-x86_64 0.0.11 ERROR
r-oldrel-windows-ix86+x86_64 0.0.11 7.00 81.00 88.00 ERROR

Check Details

Version: 0.0.11
Check: LazyData
Result: NOTE
     'LazyData' is specified without a 'data' directory
Flavors: r-devel-linux-x86_64-debian-clang, r-devel-linux-x86_64-debian-gcc, r-devel-linux-x86_64-fedora-clang, r-devel-linux-x86_64-fedora-gcc, r-devel-windows-ix86+x86_64, r-devel-windows-x86_64-gcc10-UCRT, r-patched-linux-x86_64, r-patched-solaris-x86

Version: 0.0.11
Check: examples
Result: ERROR
    Running examples in ‘phonfieldwork-Ex.R’ failed
    The error most likely occurred in:
    
    > ### Name: srt_to_df
    > ### Title: Subtitles .srt file to dataframe
    > ### Aliases: srt_to_df
    >
    > ### ** Examples
    >
    > srt_to_df(system.file("extdata", "test.srt", package = "phonfieldwork"))
    Error in strsplit(result[, "times"], " --> ") : non-character argument
    Calls: srt_to_df -> cbind -> do.call -> strsplit
    Execution halted
Flavors: r-oldrel-macos-x86_64, r-oldrel-windows-ix86+x86_64

Version: 0.0.11
Check: tests
Result: ERROR
     Running ‘testthat.R’ [2s/2s]
    Running the tests in ‘tests/testthat.R’ failed.
    Last 13 lines of output:
     • On CRAN (6)
    
     ══ Failed tests ════════════════════════════════════════════════════════════════
     ── Error (test-srt-to-df.R:2:3): srt_to_df ─────────────────────────────────────
     Error: non-character argument
     Backtrace:
     █
     1. └─phonfieldwork::srt_to_df(system.file("extdata", "test.srt", package = "phonfieldwork")) test-srt-to-df.R:2:2
     2. ├─base::cbind(...)
     3. ├─base::do.call(rbind, strsplit(result[, "times"], " --> "))
     4. └─base::strsplit(result[, "times"], " --> ")
    
     [ FAIL 1 | WARN 6 | SKIP 6 | PASS 36 ]
     Error: Test failures
     Execution halted
Flavor: r-oldrel-macos-x86_64

Version: 0.0.11
Check: tests
Result: ERROR
     Running 'testthat.R' [4s]
    Running the tests in 'tests/testthat.R' failed.
    Complete output:
     > library(testthat)
     > library(phonfieldwork)
     >
     > test_check("phonfieldwork")
     == Skipped tests ===============================================================
     * On CRAN (6)
    
     == Failed tests ================================================================
     -- Error (test-srt-to-df.R:2:3): srt_to_df -------------------------------------
     Error: non-character argument
     Backtrace:
     x
     1. \-phonfieldwork::srt_to_df(system.file("extdata", "test.srt", package = "phonfieldwork")) test-srt-to-df.R:2:2
     2. +-base::cbind(...)
     3. +-base::do.call(rbind, strsplit(result[, "times"], " --> "))
     4. \-base::strsplit(result[, "times"], " --> ")
    
     [ FAIL 1 | WARN 6 | SKIP 6 | PASS 36 ]
     Error: Test failures
     Execution halted
Flavor: r-oldrel-windows-ix86+x86_64