CRAN Package Check Results for Package photobiologyLamps

Last updated on 2021-12-03 22:57:49 CET.

Flavor Version Tinstall Tcheck Ttotal Status Flags
r-devel-linux-x86_64-debian-clang 0.4.3 3.28 43.63 46.91 OK
r-devel-linux-x86_64-debian-gcc 0.4.3 2.61 34.10 36.71 OK
r-devel-linux-x86_64-fedora-clang 0.4.3 68.21 NOTE
r-devel-linux-x86_64-fedora-gcc 0.4.3 56.44 NOTE
r-devel-windows-x86_64-new-UL 0.4.3 12.00 95.00 107.00 OK
r-devel-windows-x86_64-new-TK 0.4.3 NOTE
r-devel-windows-x86_64-old 0.4.3 10.00 50.00 60.00 OK
r-patched-linux-x86_64 0.4.3 4.51 40.77 45.28 OK
r-release-linux-x86_64 0.4.3 3.65 40.47 44.12 OK
r-release-macos-arm64 0.4.3 NOTE
r-release-macos-x86_64 0.4.3 NOTE
r-release-windows-ix86+x86_64 0.4.3 10.00 68.00 78.00 OK
r-oldrel-macos-x86_64 0.4.3 NOTE
r-oldrel-windows-ix86+x86_64 0.4.3 9.00 64.00 73.00 OK

Check Details

Version: 0.4.3
Check: Rd cross-references
Result: NOTE
    Undeclared package ‘photobiologyLEDs’ in Rd xrefs
Flavor: r-devel-linux-x86_64-fedora-clang

Version: 0.4.3
Check: data for non-ASCII characters
Result: NOTE
     Note: found 1 marked Latin-1 string
Flavors: r-devel-linux-x86_64-fedora-clang, r-devel-linux-x86_64-fedora-gcc, r-devel-windows-x86_64-new-TK, r-release-macos-arm64, r-release-macos-x86_64, r-oldrel-macos-x86_64