CRAN Package Check Results for Package photobiologyLamps

Last updated on 2019-09-18 22:52:45 CEST.

Flavor Version Tinstall Tcheck Ttotal Status Flags
r-devel-linux-x86_64-debian-clang 0.4.3 2.50 34.58 37.08 OK
r-devel-linux-x86_64-debian-gcc 0.4.3 2.41 26.86 29.27 OK
r-devel-linux-x86_64-fedora-clang 0.4.3 44.88 NOTE
r-devel-linux-x86_64-fedora-gcc 0.4.3 45.24 NOTE
r-devel-windows-ix86+x86_64 0.4.3 17.00 58.00 75.00 OK
r-patched-linux-x86_64 0.4.3 2.51 33.19 35.70 OK
r-patched-solaris-x86 0.4.3 65.00 NOTE
r-release-linux-x86_64 0.4.3 2.47 33.27 35.74 OK
r-release-windows-ix86+x86_64 0.4.3 8.00 53.00 61.00 OK
r-release-osx-x86_64 0.4.3 NOTE
r-oldrel-windows-ix86+x86_64 0.4.3 4.00 50.00 54.00 OK
r-oldrel-osx-x86_64 0.4.3 NOTE

Check Details

Version: 0.4.3
Check: data for non-ASCII characters
Result: NOTE
     Note: found 1 marked Latin-1 string
Flavors: r-devel-linux-x86_64-fedora-clang, r-devel-linux-x86_64-fedora-gcc, r-patched-solaris-x86, r-release-osx-x86_64, r-oldrel-osx-x86_64