Last updated on 2023-09-29 21:54:01 CEST.
Flavor | Version | Tinstall | Tcheck | Ttotal | Status | Flags |
---|---|---|---|---|---|---|
r-devel-linux-x86_64-debian-clang | 2.1.4 | 12.03 | 303.61 | 315.64 | OK | |
r-devel-linux-x86_64-debian-gcc | 2.1.4 | 10.72 | 218.18 | 228.90 | OK | |
r-devel-linux-x86_64-fedora-clang | 2.1.4 | 394.09 | NOTE | |||
r-devel-linux-x86_64-fedora-gcc | 2.1.4 | 402.00 | NOTE | |||
r-devel-windows-x86_64 | 2.1.4 | 14.00 | 224.00 | 238.00 | NOTE | |
r-patched-linux-x86_64 | 2.1.4 | 9.18 | 287.80 | 296.98 | OK | |
r-release-linux-x86_64 | 2.1.4 | 7.82 | 286.90 | 294.72 | OK | |
r-release-macos-arm64 | 2.1.4 | 114.00 | NOTE | |||
r-release-macos-x86_64 | 2.1.4 | 226.00 | NOTE | |||
r-release-windows-x86_64 | 2.1.4 | 17.00 | 304.00 | 321.00 | NOTE | |
r-oldrel-macos-arm64 | 2.1.4 | 90.00 | NOTE | |||
r-oldrel-macos-x86_64 | 2.1.4 | 135.00 | NOTE | |||
r-oldrel-windows-x86_64 | 2.1.4 | 16.00 | 302.00 | 318.00 | NOTE |
Version: 2.1.4
Check: installed package size
Result: NOTE
installed size is 7.3Mb
sub-directories of 1Mb or more:
doc 6.1Mb
Flavors: r-devel-linux-x86_64-fedora-clang, r-devel-windows-x86_64, r-release-macos-arm64, r-release-macos-x86_64, r-release-windows-x86_64, r-oldrel-macos-arm64, r-oldrel-macos-x86_64, r-oldrel-windows-x86_64
Version: 2.1.4
Check: data for non-ASCII characters
Result: NOTE
Note: found 13 marked UTF-8 strings
Flavors: r-devel-linux-x86_64-fedora-clang, r-devel-linux-x86_64-fedora-gcc