Last updated on 2024-03-27 22:57:54 CET.
Flavor | Version | Tinstall | Tcheck | Ttotal | Status | Flags |
---|---|---|---|---|---|---|
r-devel-linux-x86_64-debian-clang | 0.1-34 | 55.50 | 82.83 | 138.33 | NOTE | |
r-devel-linux-x86_64-debian-gcc | 0.1-34 | 44.01 | 62.45 | 106.46 | NOTE | |
r-devel-linux-x86_64-fedora-clang | 0.1-34 | 161.15 | NOTE | |||
r-devel-linux-x86_64-fedora-gcc | 0.1-34 | 186.81 | NOTE | |||
r-devel-windows-x86_64 | 0.1-34 | 62.00 | 116.00 | 178.00 | NOTE | |
r-patched-linux-x86_64 | 0.1-34 | 48.74 | 77.59 | 126.33 | OK | |
r-release-linux-x86_64 | 0.1-34 | 49.17 | 79.08 | 128.25 | OK | |
r-release-macos-arm64 | 0.1-34 | 87.00 | OK | |||
r-release-macos-x86_64 | 0.1-34 | 99.00 | OK | |||
r-release-windows-x86_64 | 0.1-34 | 74.00 | 122.00 | 196.00 | OK | |
r-oldrel-macos-arm64 | 0.1-34 | 57.00 | OK | |||
r-oldrel-windows-x86_64 | 0.1-34 | 67.00 | 123.00 | 190.00 | OK |
Version: 0.1-34
Check: Rd files
Result: NOTE
checkRd: (-1) 11_d.init.method.Rd:22-23: Lost braces in \itemize; meant \describe ?
checkRd: (-1) 11_d.init.method.Rd:24-25: Lost braces in \itemize; meant \describe ?
checkRd: (-1) 11_d.init.method.Rd:26-27: Lost braces in \itemize; meant \describe ?
checkRd: (-1) 11_d.init.method.Rd:28-29: Lost braces in \itemize; meant \describe ?
checkRd: (-1) 11_d.init.method.Rd:30-31: Lost braces in \itemize; meant \describe ?
checkRd: (-1) 11_d.init.method.Rd:32: Lost braces in \itemize; meant \describe ?
checkRd: (-1) 11_d.init.procedure.Rd:21-23: Lost braces in \itemize; meant \describe ?
checkRd: (-1) 11_d.init.procedure.Rd:24-26: Lost braces in \itemize; meant \describe ?
checkRd: (-1) 11_d.init.procedure.Rd:27-30: Lost braces in \itemize; meant \describe ?
checkRd: (-1) 11_d.init.procedure.Rd:31-35: Lost braces in \itemize; meant \describe ?
checkRd: (-1) as.star.tree.Rd:26: Lost braces in \itemize; meant \describe ?
checkRd: (-1) as.star.tree.Rd:27: Lost braces in \itemize; meant \describe ?
checkRd: (-1) as.star.tree.Rd:28: Lost braces in \itemize; meant \describe ?
checkRd: (-1) as.star.tree.Rd:29: Lost braces in \itemize; meant \describe ?
Flavors: r-devel-linux-x86_64-debian-clang, r-devel-linux-x86_64-debian-gcc, r-devel-linux-x86_64-fedora-clang, r-devel-linux-x86_64-fedora-gcc, r-devel-windows-x86_64