CRAN Package Check Results for Package phylocomr

Last updated on 2021-10-16 22:53:01 CEST.

Flavor Version Tinstall Tcheck Ttotal Status Flags
r-devel-linux-x86_64-debian-clang 0.3.2 11.38 30.90 42.28 NOTE
r-devel-linux-x86_64-debian-gcc 0.3.2 9.73 24.35 34.08 NOTE
r-devel-linux-x86_64-fedora-clang 0.3.2 64.81 NOTE
r-devel-linux-x86_64-fedora-gcc 0.3.2 55.78 NOTE
r-devel-windows-x86_64 0.3.2 16.00 40.00 56.00 NOTE
r-devel-windows-x86_64-gcc10-UCRT 0.3.2 NOTE
r-patched-linux-x86_64 0.3.2 13.25 30.16 43.41 NOTE
r-patched-solaris-x86 0.3.2 93.40 NOTE
r-release-linux-x86_64 0.3.2 11.03 29.81 40.84 NOTE
r-release-macos-arm64 0.3.2 NOTE
r-release-macos-x86_64 0.3.2 NOTE
r-release-windows-ix86+x86_64 0.3.2 27.00 64.00 91.00 NOTE
r-oldrel-macos-x86_64 0.3.2 OK
r-oldrel-windows-ix86+x86_64 0.3.2 38.00 64.00 102.00 OK

Check Details

Version: 0.3.2
Check: LazyData
Result: NOTE
     'LazyData' is specified without a 'data' directory
Flavors: r-devel-linux-x86_64-debian-clang, r-devel-linux-x86_64-debian-gcc, r-devel-linux-x86_64-fedora-clang, r-devel-linux-x86_64-fedora-gcc, r-devel-windows-x86_64, r-devel-windows-x86_64-gcc10-UCRT, r-patched-linux-x86_64, r-patched-solaris-x86, r-release-linux-x86_64, r-release-macos-arm64, r-release-macos-x86_64, r-release-windows-ix86+x86_64