CRAN Package Check Results for Package phyloregion

Last updated on 2022-11-30 21:53:56 CET.

Flavor Version Tinstall Tcheck Ttotal Status Flags
r-devel-linux-x86_64-debian-clang 1.0.6 49.58 497.10 546.68 OK
r-devel-linux-x86_64-debian-gcc 1.0.6 34.66 364.95 399.61 OK
r-devel-linux-x86_64-fedora-clang 1.0.6 687.89 NOTE
r-devel-linux-x86_64-fedora-gcc 1.0.6 636.70 NOTE
r-devel-windows-x86_64 1.0.6 88.00 504.00 592.00 OK
r-patched-linux-x86_64 1.0.6 49.05 463.43 512.48 OK
r-release-linux-x86_64 1.0.6 43.56 464.93 508.49 OK
r-release-macos-arm64 1.0.6 128.00 NOTE
r-release-macos-x86_64 1.0.6 197.00 NOTE
r-release-windows-x86_64 1.0.6 101.00 504.00 605.00 OK
r-oldrel-macos-arm64 1.0.6 105.00 NOTE
r-oldrel-macos-x86_64 1.0.6 213.00 NOTE
r-oldrel-windows-ix86+x86_64 1.0.6 90.00 543.00 633.00 OK

Check Details

Version: 1.0.6
Check: dependencies in R code
Result: NOTE
    Namespace in Imports field not imported from: ‘rgdal’
     All declared Imports should be used.
Flavors: r-devel-linux-x86_64-fedora-clang, r-devel-linux-x86_64-fedora-gcc, r-release-macos-arm64, r-release-macos-x86_64, r-oldrel-macos-arm64, r-oldrel-macos-x86_64

Version: 1.0.6
Check: Rd cross-references
Result: NOTE
    Undeclared package ‘picante’ in Rd xrefs
Flavor: r-devel-linux-x86_64-fedora-clang