Last updated on 2024-03-28 23:01:53 CET.
Flavor | Version | Tinstall | Tcheck | Ttotal | Status | Flags |
---|---|---|---|---|---|---|
r-devel-linux-x86_64-debian-clang | 0.1.1 | 24.39 | 275.72 | 300.11 | OK | |
r-devel-linux-x86_64-debian-gcc | 0.1.1 | 23.06 | 206.78 | 229.84 | OK | |
r-devel-linux-x86_64-fedora-clang | 0.1.1 | 412.95 | NOTE | |||
r-devel-linux-x86_64-fedora-gcc | 0.1.1 | 394.35 | OK | |||
r-devel-windows-x86_64 | 0.1.1 | 24.00 | 187.00 | 211.00 | OK | |
r-patched-linux-x86_64 | 0.1.1 | 20.75 | 271.00 | 291.75 | OK | |
r-release-linux-x86_64 | 0.1.1 | 19.91 | 280.58 | 300.49 | OK | |
r-release-macos-arm64 | 0.1.1 | 9.00 | ERROR | |||
r-release-macos-x86_64 | 0.1.1 | 8.00 | ERROR | |||
r-release-windows-x86_64 | 0.1.1 | 34.00 | 250.00 | 284.00 | OK | |
r-oldrel-macos-arm64 | 0.1.1 | 113.00 | OK | |||
r-oldrel-windows-x86_64 | 0.1.1 | 33.00 | 245.00 | 278.00 | OK |
Version: 0.1.1
Check: Rd cross-references
Result: NOTE
Undeclared package ‘network’ in Rd xrefs
Flavor: r-devel-linux-x86_64-fedora-clang
Version: 0.1.1
Check: package dependencies
Result: ERROR
Package required but not available: ‘phyloseq’
See section ‘The DESCRIPTION file’ in the ‘Writing R Extensions’
manual.
Flavors: r-release-macos-arm64, r-release-macos-x86_64