CRAN Package Check Results for Package phyr

Last updated on 2021-10-26 22:58:11 CEST.

Flavor Version Tinstall Tcheck Ttotal Status Flags
r-devel-linux-x86_64-debian-clang 1.1.0 151.12 149.63 300.75 NOTE
r-devel-linux-x86_64-debian-gcc 1.1.0 119.33 110.99 230.32 NOTE
r-devel-linux-x86_64-fedora-clang 1.1.0 645.53 NOTE
r-devel-linux-x86_64-fedora-gcc 1.1.0 620.83 OK
r-devel-windows-x86_64 1.1.0 198.00 187.00 385.00 OK
r-devel-windows-x86_64-gcc10-UCRT 1.1.0 NOTE
r-patched-linux-x86_64 1.1.0 139.11 142.79 281.90 NOTE
r-patched-solaris-x86 1.1.0 383.20 NOTE
r-release-linux-x86_64 1.1.0 132.30 142.51 274.81 NOTE
r-release-macos-arm64 1.1.0 NOTE
r-release-macos-x86_64 1.1.0 NOTE
r-release-windows-ix86+x86_64 1.1.0 267.00 241.00 508.00 NOTE
r-oldrel-macos-x86_64 1.1.0 NOTE
r-oldrel-windows-ix86+x86_64 1.1.0 372.00 238.00 610.00 NOTE

Check Details

Version: 1.1.0
Check: package dependencies
Result: NOTE
    Package suggested but not available for checking: 'INLA'
Flavors: r-devel-linux-x86_64-debian-clang, r-devel-linux-x86_64-debian-gcc, r-devel-windows-x86_64-gcc10-UCRT, r-patched-linux-x86_64, r-patched-solaris-x86, r-release-linux-x86_64, r-release-macos-arm64, r-release-macos-x86_64, r-oldrel-macos-x86_64

Version: 1.1.0
Check: installed package size
Result: NOTE
     installed size is 13.6Mb
     sub-directories of 1Mb or more:
     doc 2.0Mb
     libs 11.0Mb
Flavors: r-devel-linux-x86_64-fedora-clang, r-release-macos-arm64, r-release-macos-x86_64, r-release-windows-ix86+x86_64, r-oldrel-macos-x86_64, r-oldrel-windows-ix86+x86_64