CRAN Package Check Results for Package phyr

Last updated on 2022-09-24 22:54:43 CEST.

Flavor Version Tinstall Tcheck Ttotal Status Flags
r-devel-linux-x86_64-debian-clang 1.1.0 165.54 178.47 344.01 NOTE
r-devel-linux-x86_64-debian-gcc 1.1.0 134.58 129.87 264.45 NOTE
r-devel-linux-x86_64-fedora-clang 1.1.0 724.74 OK
r-devel-linux-x86_64-fedora-gcc 1.1.0 666.88 OK
r-devel-windows-x86_64 1.1.0 146.00 224.00 370.00 NOTE
r-patched-linux-x86_64 1.1.0 119.39 163.66 283.05 NOTE
r-release-linux-x86_64 1.1.0 127.45 163.43 290.88 NOTE
r-release-macos-arm64 1.1.0 116.00 NOTE
r-release-macos-x86_64 1.1.0 183.00 NOTE
r-release-windows-x86_64 1.1.0 133.00 216.00 349.00 NOTE
r-oldrel-macos-arm64 1.1.0 140.00 NOTE
r-oldrel-macos-x86_64 1.1.0 196.00 NOTE
r-oldrel-windows-ix86+x86_64 1.1.0 372.00 244.00 616.00 NOTE

Check Details

Version: 1.1.0
Check: package dependencies
Result: NOTE
    Package suggested but not available for checking: 'INLA'
Flavors: r-devel-linux-x86_64-debian-clang, r-devel-linux-x86_64-debian-gcc, r-devel-windows-x86_64, r-patched-linux-x86_64, r-release-linux-x86_64, r-release-macos-arm64, r-release-macos-x86_64, r-release-windows-x86_64, r-oldrel-macos-arm64, r-oldrel-macos-x86_64

Version: 1.1.0
Check: installed package size
Result: NOTE
     installed size is 12.7Mb
     sub-directories of 1Mb or more:
     doc 2.0Mb
     libs 10.2Mb
Flavors: r-release-macos-arm64, r-release-macos-x86_64, r-oldrel-macos-arm64, r-oldrel-macos-x86_64, r-oldrel-windows-ix86+x86_64