CRAN Package Check Results for Package pid

Last updated on 2021-11-30 22:54:39 CET.

Flavor Version Tinstall Tcheck Ttotal Status Flags
r-devel-linux-x86_64-debian-clang 0.50 5.84 67.12 72.96 OK
r-devel-linux-x86_64-debian-gcc 0.50 4.86 57.38 62.24 OK
r-devel-linux-x86_64-fedora-clang 0.50 98.69 NOTE
r-devel-linux-x86_64-fedora-gcc 0.50 85.94 NOTE
r-devel-windows-x86_64-new-UL 0.50 14.00 116.00 130.00 OK
r-devel-windows-x86_64-new-TK 0.50 NOTE
r-devel-windows-x86_64-old 0.50 11.00 71.00 82.00 OK
r-patched-linux-x86_64 0.50 5.88 61.52 67.40 OK
r-patched-solaris-x86 0.50 142.30 NOTE
r-release-linux-x86_64 0.50 6.13 61.96 68.09 OK
r-release-macos-arm64 0.50 NOTE
r-release-macos-x86_64 0.50 NOTE
r-release-windows-ix86+x86_64 0.50 16.00 68.00 84.00 OK
r-oldrel-macos-x86_64 0.50 NOTE
r-oldrel-windows-ix86+x86_64 0.50 11.00 71.00 82.00 OK

Check Details

Version: 0.50
Check: dependencies in R code
Result: NOTE
    Namespace in Imports field not imported from: ‘FrF2.catlg128’
     All declared Imports should be used.
Flavors: r-devel-linux-x86_64-fedora-clang, r-devel-linux-x86_64-fedora-gcc, r-devel-windows-x86_64-new-TK, r-patched-solaris-x86, r-release-macos-arm64, r-release-macos-x86_64, r-oldrel-macos-x86_64

Version: 0.50
Check: Rd cross-references
Result: NOTE
    Undeclared package ‘BsMD’ in Rd xrefs
Flavor: r-devel-linux-x86_64-fedora-clang