CRAN Package Check Results for Package pifpaf

Last updated on 2019-09-21 22:49:04 CEST.

Flavor Version Tinstall Tcheck Ttotal Status Flags
r-devel-linux-x86_64-debian-clang 1.0.1 5.41 215.54 220.95 OK
r-devel-linux-x86_64-debian-gcc 1.0.1 4.82 148.58 153.40 OK
r-devel-linux-x86_64-fedora-clang 1.0.1 242.16 NOTE
r-devel-linux-x86_64-fedora-gcc 1.0.1 239.54 NOTE
r-devel-windows-ix86+x86_64 1.0.1 25.00 217.00 242.00 OK
r-patched-linux-x86_64 1.0.1 5.71 200.53 206.24 NOTE
r-patched-solaris-x86 1.0.1 285.30 NOTE
r-release-linux-x86_64 1.0.1 5.45 205.45 210.90 NOTE
r-release-windows-ix86+x86_64 1.0.1 13.00 226.00 239.00 OK
r-release-osx-x86_64 1.0.1 NOTE
r-oldrel-windows-ix86+x86_64 1.0.1 8.00 208.00 216.00 ERROR
r-oldrel-osx-x86_64 1.0.1 NOTE

Check Details

Version: 1.0.1
Check: dependencies in R code
Result: NOTE
    Namespace in Imports field not imported from: ‘gridExtra’
     All declared Imports should be used.
Flavors: r-devel-linux-x86_64-fedora-clang, r-devel-linux-x86_64-fedora-gcc, r-patched-solaris-x86, r-release-osx-x86_64, r-oldrel-osx-x86_64

Version: 1.0.1
Check: DESCRIPTION meta-information
Result: NOTE
    Dependence on R version ‘3.4.1’ not with patchlevel 0
Flavors: r-patched-linux-x86_64, r-release-linux-x86_64

Version: 1.0.1
Check: tests
Result: ERROR
     Running 'testthat.R' [12s]
    Running the tests in 'tests/testthat.R' failed.
    Complete output:
     > library(testthat)
     > library(pifpaf)
     >
     > test_check("pifpaf")
     -- 1. Failure: Checking check_cft (@test_check_cft.R#12) ----------------------
     {
     ...
     } not equal to TRUE.
     1 element mismatch
    
     == testthat results ===========================================================
     [ OK: 100 | SKIPPED: 0 | WARNINGS: 1 | FAILED: 1 ]
     1. Failure: Checking check_cft (@test_check_cft.R#12)
    
     Error: testthat unit tests failed
     Execution halted
Flavor: r-oldrel-windows-ix86+x86_64