CRAN Package Check Results for Package pifpaf

Last updated on 2020-02-21 22:51:15 CET.

Flavor Version Tinstall Tcheck Ttotal Status Flags
r-devel-linux-x86_64-debian-clang 1.0.1 6.13 683.54 689.67 WARN
r-devel-linux-x86_64-debian-gcc 1.0.1 5.04 163.45 168.49 OK
r-devel-linux-x86_64-fedora-clang 1.0.1 265.67 NOTE
r-devel-linux-x86_64-fedora-gcc 1.0.1 258.16 NOTE
r-devel-windows-ix86+x86_64 1.0.1 12.00 200.00 212.00 OK
r-devel-windows-ix86+x86_64-gcc8 1.0.1 21.00 283.00 304.00 OK
r-patched-linux-x86_64 1.0.1 NOTE
r-patched-solaris-x86 1.0.1 291.20 NOTE
r-release-linux-x86_64 1.0.1 5.01 200.91 205.92 NOTE
r-release-windows-ix86+x86_64 1.0.1 14.00 220.00 234.00 OK
r-release-osx-x86_64 1.0.1 NOTE
r-oldrel-windows-ix86+x86_64 1.0.1 9.00 221.00 230.00 OK
r-oldrel-osx-x86_64 1.0.1 NOTE

Check Details

Version: 1.0.1
Check: re-building of vignette outputs
Result: WARN
    Error(s) in re-building vignettes:
     ...
    --- re-building 'Introduction_to_pifpaf_package.Rmd' using rmarkdown
    Loading required package: pifpaf
    Loading required package: ggplot2
    Killed
Flavor: r-devel-linux-x86_64-debian-clang

Version: 1.0.1
Check: dependencies in R code
Result: NOTE
    Namespace in Imports field not imported from: ‘gridExtra’
     All declared Imports should be used.
Flavors: r-devel-linux-x86_64-fedora-clang, r-devel-linux-x86_64-fedora-gcc, r-patched-solaris-x86, r-release-osx-x86_64, r-oldrel-osx-x86_64

Version: 1.0.1
Check: DESCRIPTION meta-information
Result: NOTE
    Dependence on R version ‘3.4.1’ not with patchlevel 0
Flavors: r-patched-linux-x86_64, r-release-linux-x86_64