CRAN Package Check Results for Package piggyback

Last updated on 2020-02-22 22:47:54 CET.

Flavor Version Tinstall Tcheck Ttotal Status Flags
r-devel-linux-x86_64-debian-clang 0.0.10 5.73 47.08 52.81 ERROR
r-devel-linux-x86_64-debian-gcc 0.0.10 4.29 36.63 40.92 ERROR
r-devel-linux-x86_64-fedora-clang 0.0.10 37.60 ERROR
r-devel-linux-x86_64-fedora-gcc 0.0.10 33.71 ERROR
r-devel-windows-ix86+x86_64 0.0.10 11.00 61.00 72.00 OK
r-devel-windows-ix86+x86_64-gcc8 0.0.10 19.00 91.00 110.00 OK
r-patched-linux-x86_64 0.0.10 ERROR
r-patched-solaris-x86 0.0.10 90.90 OK
r-release-linux-x86_64 0.0.10 4.16 42.39 46.55 ERROR
r-release-windows-ix86+x86_64 0.0.10 11.00 64.00 75.00 OK
r-release-osx-x86_64 0.0.10 OK
r-oldrel-windows-ix86+x86_64 0.0.10 6.00 60.00 66.00 ERROR
r-oldrel-osx-x86_64 0.0.10 OK

Check Details

Version: 0.0.10
Check: tests
Result: ERROR
     Running 'spelling.R' [0s/0s]
     Running 'testthat.R' [4s/7s]
    Running the tests in 'tests/testthat.R' failed.
    Complete output:
     > library(testthat)
     > library(piggyback)
     > Sys.setenv(piggyback_cache_duration=0)
     > test_check("piggyback")
     -- 1. Error: Attempt to delete non-existent file (@test-errors.R#148) ---------
    
     GitHub API error (404): 404 Not Found
     Message: Not Found
     Read more at https://developer.github.com/v3/repos/releases/#delete-a-release-asset
    
     URL not found: https://api.github.com/repos/cboettig/piggyback-tests/releases/assets/18180503
     Backtrace:
     1. testthat::expect_message(...)
     6. piggyback::pb_delete(...)
     7. base::lapply(...)
     8. piggyback:::FUN(X[[i]], ...)
     9. gh::gh(...)
     10. gh:::gh_process_response(raw)
     11. gh:::gh_error(response)
     12. throw(cond)
    
     == testthat results ===========================================================
     [ OK: 6 | SKIPPED: 18 | WARNINGS: 11 | FAILED: 1 ]
     1. Error: Attempt to delete non-existent file (@test-errors.R#148)
    
     Error: testthat unit tests failed
     Execution halted
Flavor: r-devel-linux-x86_64-debian-clang

Version: 0.0.10
Check: tests
Result: ERROR
     Running ‘spelling.R’ [0s/1s]
     Running ‘testthat.R’ [3s/7s]
    Running the tests in ‘tests/testthat.R’ failed.
    Complete output:
     > library(testthat)
     > library(piggyback)
     > Sys.setenv(piggyback_cache_duration=0)
     > test_check("piggyback")
     ── 1. Error: Attempt to delete non-existent file (@test-errors.R#148) ─────────
    
     GitHub API error (404): 404 Not Found
     Message: Not Found
     Read more at https://developer.github.com/v3/repos/releases/#delete-a-release-asset
    
     URL not found: https://api.github.com/repos/cboettig/piggyback-tests/releases/assets/18180503
     Backtrace:
     1. testthat::expect_message(...)
     6. piggyback::pb_delete(...)
     7. base::lapply(...)
     8. piggyback:::FUN(X[[i]], ...)
     9. gh::gh(...)
     10. gh:::gh_process_response(raw)
     11. gh:::gh_error(response)
     12. throw(cond)
    
     ══ testthat results ═══════════════════════════════════════════════════════════
     [ OK: 6 | SKIPPED: 18 | WARNINGS: 11 | FAILED: 1 ]
     1. Error: Attempt to delete non-existent file (@test-errors.R#148)
    
     Error: testthat unit tests failed
     Execution halted
Flavor: r-devel-linux-x86_64-debian-gcc

Version: 0.0.10
Check: tests
Result: ERROR
     Running ‘spelling.R’
     Running ‘testthat.R’
    Running the tests in ‘tests/testthat.R’ failed.
    Complete output:
     > library(testthat)
     > library(piggyback)
     > Sys.setenv(piggyback_cache_duration=0)
     > test_check("piggyback")
     ── 1. Error: Attempt to delete non-existent file (@test-errors.R#148) ─────────
    
     GitHub API error (404): 404 Not Found
     Message: Not Found
     Read more at https://developer.github.com/v3/repos/releases/#delete-a-release-asset
    
     URL not found: https://api.github.com/repos/cboettig/piggyback-tests/releases/assets/18180503
     Backtrace:
     1. testthat::expect_message(...)
     6. piggyback::pb_delete(...)
     7. base::lapply(...)
     8. piggyback:::FUN(X[[i]], ...)
     9. gh::gh(...)
     10. gh:::gh_process_response(raw)
     11. gh:::gh_error(response)
     12. throw(cond)
    
     ══ testthat results ═══════════════════════════════════════════════════════════
     [ OK: 6 | SKIPPED: 18 | WARNINGS: 11 | FAILED: 1 ]
     1. Error: Attempt to delete non-existent file (@test-errors.R#148)
    
     Error: testthat unit tests failed
     Execution halted
Flavors: r-devel-linux-x86_64-fedora-clang, r-devel-linux-x86_64-fedora-gcc

Version: 0.0.10
Check: tests
Result: ERROR
     Running ‘spelling.R’ [0s/0s]
     Running ‘testthat.R’ [3s/6s]
    Running the tests in ‘tests/testthat.R’ failed.
    Complete output:
     > library(testthat)
     > library(piggyback)
     > Sys.setenv(piggyback_cache_duration=0)
     > test_check("piggyback")
     ── 1. Error: Attempt to delete non-existent file (@test-errors.R#148) ─────────
    
     GitHub API error (404): 404 Not Found
     Message: Not Found
     Read more at https://developer.github.com/v3/repos/releases/#delete-a-release-asset
    
     URL not found: https://api.github.com/repos/cboettig/piggyback-tests/releases/assets/18180503
     Backtrace:
     1. testthat::expect_message(...)
     6. piggyback::pb_delete(...)
     7. base::lapply(...)
     8. piggyback:::FUN(X[[i]], ...)
     9. gh::gh(...)
     10. gh:::gh_process_response(raw)
     11. gh:::gh_error(response)
     12. throw(cond)
    
     ══ testthat results ═══════════════════════════════════════════════════════════
     [ OK: 6 | SKIPPED: 18 | WARNINGS: 11 | FAILED: 1 ]
     1. Error: Attempt to delete non-existent file (@test-errors.R#148)
    
     Error: testthat unit tests failed
     Execution halted
Flavors: r-patched-linux-x86_64, r-release-linux-x86_64

Version: 0.0.10
Check: tests
Result: ERROR
     Running 'spelling.R' [0s]
     Running 'testthat.R' [6s]
    Running the tests in 'tests/testthat.R' failed.
    Complete output:
     > library(testthat)
     > library(piggyback)
     > Sys.setenv(piggyback_cache_duration=0)
     > test_check("piggyback")
     -- 1. Error: Attempt to delete non-existent file (@test-errors.R#148) ---------
    
     GitHub API error (404): 404 Not Found
     Message: Not Found
     Read more at https://developer.github.com/v3/repos/releases/#delete-a-release-asset
    
     URL not found: https://api.github.com/repos/cboettig/piggyback-tests/releases/assets/18180503
     Backtrace:
     1. testthat::expect_message(...)
     6. piggyback::pb_delete(...)
     7. base::lapply(...)
     8. piggyback:::FUN(X[[i]], ...)
     9. gh::gh(...)
     10. gh:::gh_process_response(raw)
     11. gh:::gh_error(response)
     12. throw(cond)
    
     == testthat results ===========================================================
     [ OK: 6 | SKIPPED: 18 | WARNINGS: 11 | FAILED: 1 ]
     1. Error: Attempt to delete non-existent file (@test-errors.R#148)
    
     Error: testthat unit tests failed
     Execution halted
Flavor: r-oldrel-windows-ix86+x86_64