Last updated on 2024-04-23 22:55:31 CEST.
Flavor | Version | Tinstall | Tcheck | Ttotal | Status | Flags |
---|---|---|---|---|---|---|
r-devel-linux-x86_64-debian-clang | 1.1.3 | 52.67 | 62.53 | 115.20 | OK | |
r-devel-linux-x86_64-debian-gcc | 1.1.3 | 41.15 | 48.52 | 89.67 | OK | |
r-devel-linux-x86_64-fedora-clang | 1.1.3 | 155.27 | NOTE | |||
r-devel-linux-x86_64-fedora-gcc | 1.1.3 | 175.90 | NOTE | |||
r-prerel-macos-arm64 | 1.1.3 | 48.00 | NOTE | |||
r-prerel-windows-x86_64 | 1.1.3 | 44.00 | 84.00 | 128.00 | OK | |
r-patched-linux-x86_64 | 1.1.3 | 57.77 | 63.04 | 120.81 | OK | |
r-release-linux-x86_64 | 1.1.3 | 54.75 | 63.39 | 118.14 | OK | |
r-release-macos-arm64 | 1.1.3 | 51.00 | NOTE | |||
r-release-macos-x86_64 | 1.1.3 | 81.00 | NOTE | |||
r-release-windows-x86_64 | 1.1.3 | 54.00 | 98.00 | 152.00 | OK | |
r-oldrel-macos-arm64 | 1.1.3 | 45.00 | NOTE | |||
r-oldrel-windows-x86_64 | 1.1.3 | 51.00 | 91.00 | 142.00 | OK |
Version: 1.1.3
Check: dependencies in R code
Result: NOTE
Namespace in Imports field not imported from: ‘utils’
All declared Imports should be used.
Flavors: r-devel-linux-x86_64-fedora-clang, r-devel-linux-x86_64-fedora-gcc, r-oldrel-macos-arm64
Version: 1.1.3
Check: installed package size
Result: NOTE
installed size is 16.1Mb
sub-directories of 1Mb or more:
libs 15.8Mb
Flavors: r-prerel-macos-arm64, r-release-macos-arm64, r-release-macos-x86_64, r-oldrel-macos-arm64