CRAN Package Check Results for Package pingers

Last updated on 2024-03-02 22:42:02 CET.

Flavor Version Tinstall Tcheck Ttotal Status Flags
r-devel-linux-x86_64-debian-clang 0.1.1 9.23 65.99 75.22 NOTE
r-devel-linux-x86_64-debian-gcc 0.1.1 6.61 50.36 56.97 NOTE
r-devel-linux-x86_64-fedora-clang 0.1.1 97.37 NOTE
r-devel-linux-x86_64-fedora-gcc 0.1.1 86.20 NOTE
r-devel-windows-x86_64 0.1.1 8.00 66.00 74.00 NOTE
r-patched-linux-x86_64 0.1.1 7.47 64.50 71.97 NOTE
r-release-linux-x86_64 0.1.1 4.86 64.90 69.76 NOTE
r-release-macos-arm64 0.1.1 29.00 NOTE
r-release-macos-x86_64 0.1.1 41.00 NOTE
r-release-windows-x86_64 0.1.1 11.00 75.00 86.00 NOTE
r-oldrel-macos-arm64 0.1.1 29.00 NOTE
r-oldrel-windows-x86_64 0.1.1 11.00 83.00 94.00 NOTE

Check Details

Version: 0.1.1
Check: LazyData
Result: NOTE 'LazyData' is specified without a 'data' directory Flavors: r-devel-linux-x86_64-debian-clang, r-devel-linux-x86_64-debian-gcc, r-devel-linux-x86_64-fedora-clang, r-devel-linux-x86_64-fedora-gcc, r-devel-windows-x86_64, r-patched-linux-x86_64, r-release-linux-x86_64, r-release-macos-arm64, r-release-macos-x86_64, r-release-windows-x86_64, r-oldrel-macos-arm64, r-oldrel-windows-x86_64