CRAN Package Check Results for Package pingr

Last updated on 2021-06-12 22:55:16 CEST.

Flavor Version Tinstall Tcheck Ttotal Status Flags
r-devel-linux-x86_64-debian-clang 2.0.1 3.15 22.84 25.99 NOTE
r-devel-linux-x86_64-debian-gcc 2.0.1 2.52 18.41 20.93 NOTE
r-devel-linux-x86_64-fedora-clang 2.0.1 41.74 NOTE
r-devel-linux-x86_64-fedora-gcc 2.0.1 30.60 NOTE
r-devel-windows-x86_64 2.0.1 12.00 46.00 58.00 NOTE
r-devel-windows-x86_64-gcc10-UCRT 2.0.1 NOTE
r-patched-linux-x86_64 2.0.1 3.22 22.19 25.41 NOTE
r-patched-solaris-x86 2.0.1 54.50 NOTE
r-release-linux-x86_64 2.0.1 3.12 22.36 25.48 NOTE
r-release-macos-arm64 2.0.1 NOTE
r-release-macos-x86_64 2.0.1 NOTE
r-release-windows-ix86+x86_64 2.0.1 14.00 47.00 61.00 NOTE
r-oldrel-macos-x86_64 2.0.1 OK
r-oldrel-windows-ix86+x86_64 2.0.1 13.00 50.00 63.00 OK

Check Details

Version: 2.0.1
Check: LazyData
Result: NOTE
     'LazyData' is specified without a 'data' directory
Flavors: r-devel-linux-x86_64-debian-clang, r-devel-linux-x86_64-debian-gcc, r-devel-linux-x86_64-fedora-clang, r-devel-linux-x86_64-fedora-gcc, r-devel-windows-x86_64, r-devel-windows-x86_64-gcc10-UCRT, r-patched-linux-x86_64, r-patched-solaris-x86, r-release-linux-x86_64, r-release-macos-arm64, r-release-macos-x86_64, r-release-windows-ix86+x86_64