Last updated on 2024-03-28 23:01:53 CET.
Flavor | Version | Tinstall | Tcheck | Ttotal | Status | Flags |
---|---|---|---|---|---|---|
r-devel-linux-x86_64-debian-clang | 0.0.10 | 2.80 | 40.12 | 42.92 | NOTE | |
r-devel-linux-x86_64-debian-gcc | 0.0.10 | 2.32 | 32.15 | 34.47 | NOTE | |
r-devel-linux-x86_64-fedora-clang | 0.0.10 | 56.57 | NOTE | |||
r-devel-linux-x86_64-fedora-gcc | 0.0.10 | 68.98 | NOTE | |||
r-devel-windows-x86_64 | 0.0.10 | 4.00 | 70.00 | 74.00 | NOTE | |
r-patched-linux-x86_64 | 0.0.10 | 7.50 | 40.35 | 47.85 | NOTE | |
r-release-linux-x86_64 | 0.0.10 | 2.30 | 38.33 | 40.63 | OK | |
r-release-macos-arm64 | 0.0.10 | 30.00 | OK | |||
r-release-macos-x86_64 | 0.0.10 | 53.00 | OK | |||
r-release-windows-x86_64 | 0.0.10 | 5.00 | 68.00 | 73.00 | OK | |
r-oldrel-macos-arm64 | 0.0.10 | 24.00 | OK | |||
r-oldrel-windows-x86_64 | 0.0.10 | 5.00 | 73.00 | 78.00 | OK |
Version: 0.0.10
Check: Rd files
Result: NOTE
checkRd: (-1) pinp.Rd:60: Lost braces; missing escapes or markup?
60 | {current date}"}
| ^
Flavors: r-devel-linux-x86_64-debian-clang, r-devel-linux-x86_64-debian-gcc, r-devel-linux-x86_64-fedora-clang, r-devel-linux-x86_64-fedora-gcc, r-devel-windows-x86_64, r-patched-linux-x86_64