CRAN Package Check Results for Package pipeliner

Last updated on 2021-05-06 22:55:30 CEST.

Flavor Version Tinstall Tcheck Ttotal Status Flags
r-devel-linux-x86_64-debian-clang 0.1.1 2.05 30.40 32.45 NOTE
r-devel-linux-x86_64-debian-gcc 0.1.1 1.65 23.92 25.57 NOTE
r-devel-linux-x86_64-fedora-clang 0.1.1 49.30 NOTE
r-devel-linux-x86_64-fedora-gcc 0.1.1 39.82 NOTE
r-devel-windows-ix86+x86_64 0.1.1 4.00 48.00 52.00 NOTE
r-devel-windows-x86_64-gcc10-UCRT 0.1.1 NOTE
r-patched-linux-x86_64 0.1.1 2.42 29.50 31.92 NOTE
r-patched-solaris-x86 0.1.1 59.20 OK
r-release-linux-x86_64 0.1.1 2.25 29.50 31.75 OK
r-release-macos-x86_64 0.1.1 OK
r-release-windows-ix86+x86_64 0.1.1 4.00 38.00 42.00 OK
r-oldrel-macos-x86_64 0.1.1 OK
r-oldrel-windows-ix86+x86_64 0.1.1 5.00 47.00 52.00 OK

Check Details

Version: 0.1.1
Check: LazyData
Result: NOTE
     'LazyData' is specified without a 'data' directory
Flavors: r-devel-linux-x86_64-debian-clang, r-devel-linux-x86_64-debian-gcc, r-devel-linux-x86_64-fedora-clang, r-devel-linux-x86_64-fedora-gcc, r-devel-windows-ix86+x86_64, r-devel-windows-x86_64-gcc10-UCRT, r-patched-linux-x86_64