CRAN Package Check Results for Package pirate

Last updated on 2020-02-17 22:49:41 CET.

Flavor Version Tinstall Tcheck Ttotal Status Flags
r-devel-linux-x86_64-debian-clang 1.0.0 33.65 43.03 76.68 OK
r-devel-linux-x86_64-debian-gcc 1.0.0 25.68 32.82 58.50 OK
r-devel-linux-x86_64-fedora-clang 1.0.0 102.18 NOTE
r-devel-linux-x86_64-fedora-gcc 1.0.0 97.18 NOTE
r-devel-windows-ix86+x86_64 1.0.0 65.00 85.00 150.00 OK
r-devel-windows-ix86+x86_64-gcc8 1.0.0 101.00 104.00 205.00 OK
r-patched-linux-x86_64 1.0.0 26.90 37.33 64.23 OK
r-patched-solaris-x86 1.0.0 111.10 OK
r-release-linux-x86_64 1.0.0 27.70 36.99 64.69 OK
r-release-windows-ix86+x86_64 1.0.0 61.00 82.00 143.00 OK
r-release-osx-x86_64 1.0.0 OK
r-oldrel-windows-ix86+x86_64 1.0.0 54.00 77.00 131.00 OK
r-oldrel-osx-x86_64 1.0.0 OK

Check Details

Version: 1.0.0
Check: compiled code
Result: NOTE
    File ‘pirate/libs/pirate.so’:
     Found no calls to: ‘R_registerRoutines’, ‘R_useDynamicSymbols’
    
    It is good practice to register native routines and to disable symbol
    search.
    
    See ‘Writing portable packages’ in the ‘Writing R Extensions’ manual.
Flavors: r-devel-linux-x86_64-fedora-clang, r-devel-linux-x86_64-fedora-gcc