CRAN Package Check Results for Package piratings

Last updated on 2024-06-13 22:49:39 CEST.

Flavor Version Tinstall Tcheck Ttotal Status Flags
r-devel-linux-x86_64-debian-clang 0.1.9 2.64 74.13 76.77 OK
r-devel-linux-x86_64-debian-gcc 0.1.9 0.31 1.70 2.01 ERROR
r-devel-linux-x86_64-fedora-clang 0.1.9 92.24 NOTE
r-devel-linux-x86_64-fedora-gcc 0.1.9 99.99 NOTE
r-devel-windows-x86_64 0.1.9 3.00 70.00 73.00 OK
r-patched-linux-x86_64 0.1.9 2.73 68.97 71.70 OK
r-release-linux-x86_64 0.1.9 1.93 67.47 69.40 OK
r-release-macos-arm64 0.1.9 33.00 OK
r-release-macos-x86_64 0.1.9 54.00 OK
r-release-windows-x86_64 0.1.9 3.00 71.00 74.00 OK
r-oldrel-macos-arm64 0.1.9 37.00 OK
r-oldrel-macos-x86_64 0.1.9 56.00 OK
r-oldrel-windows-x86_64 0.1.9 4.00 76.00 80.00 OK

Check Details

Version: 0.1.9
Check: package dependencies
Result: ERROR Package required but not available: ‘ggplot2’ See section ‘The DESCRIPTION file’ in the ‘Writing R Extensions’ manual. Flavor: r-devel-linux-x86_64-debian-gcc

Version: 0.1.9
Check: dependencies in R code
Result: NOTE Namespace in Imports field not imported from: ‘ggplot2’ All declared Imports should be used. Flavors: r-devel-linux-x86_64-fedora-clang, r-devel-linux-x86_64-fedora-gcc