CRAN Package Check Results for Package piratings

Last updated on 2021-12-01 22:53:20 CET.

Flavor Version Tinstall Tcheck Ttotal Status Flags
r-devel-linux-x86_64-debian-clang 0.1.9 2.42 65.78 68.20 OK
r-devel-linux-x86_64-debian-gcc 0.1.9 1.90 47.48 49.38 OK
r-devel-linux-x86_64-fedora-clang 0.1.9 92.70 NOTE
r-devel-linux-x86_64-fedora-gcc 0.1.9 77.90 NOTE
r-devel-windows-x86_64-new-UL 0.1.9 9.00 99.00 108.00 OK
r-devel-windows-x86_64-new-TK 0.1.9 NOTE
r-devel-windows-x86_64-old 0.1.9 4.00 76.00 80.00 OK
r-patched-linux-x86_64 0.1.9 2.18 61.92 64.10 OK
r-patched-solaris-x86 0.1.9 53.50 NOTE
r-release-linux-x86_64 0.1.9 2.08 62.34 64.42 OK
r-release-macos-arm64 0.1.9 NOTE
r-release-macos-x86_64 0.1.9 NOTE
r-release-windows-ix86+x86_64 0.1.9 6.00 92.00 98.00 OK
r-oldrel-macos-x86_64 0.1.9 NOTE
r-oldrel-windows-ix86+x86_64 0.1.9 6.00 82.00 88.00 OK

Check Details

Version: 0.1.9
Check: dependencies in R code
Result: NOTE
    Namespace in Imports field not imported from: ‘ggplot2’
     All declared Imports should be used.
Flavors: r-devel-linux-x86_64-fedora-clang, r-devel-linux-x86_64-fedora-gcc, r-devel-windows-x86_64-new-TK, r-patched-solaris-x86, r-release-macos-arm64, r-release-macos-x86_64, r-oldrel-macos-x86_64