Last updated on 2023-09-22 23:05:07 CEST.
Flavor | Version | Tinstall | Tcheck | Ttotal | Status | Flags |
---|---|---|---|---|---|---|
r-devel-linux-x86_64-debian-clang | 0.1.9 | 2.29 | 70.06 | 72.35 | OK | |
r-devel-linux-x86_64-debian-gcc | 0.1.9 | 1.89 | 49.91 | 51.80 | OK | |
r-devel-linux-x86_64-fedora-clang | 0.1.9 | 91.86 | NOTE | |||
r-devel-linux-x86_64-fedora-gcc | 0.1.9 | 95.85 | NOTE | |||
r-devel-windows-x86_64 | 0.1.9 | 5.00 | 70.00 | 75.00 | OK | |
r-patched-linux-x86_64 | 0.1.9 | 2.60 | 67.31 | 69.91 | OK | |
r-release-linux-x86_64 | 0.1.9 | 2.60 | 66.69 | 69.29 | OK | |
r-release-macos-arm64 | 0.1.9 | 37.00 | OK | |||
r-release-macos-x86_64 | 0.1.9 | 56.00 | OK | |||
r-release-windows-x86_64 | 0.1.9 | 6.00 | 77.00 | 83.00 | OK | |
r-oldrel-macos-arm64 | 0.1.9 | 30.00 | NOTE | |||
r-oldrel-macos-x86_64 | 0.1.9 | 52.00 | NOTE | |||
r-oldrel-windows-x86_64 | 0.1.9 | 5.00 | 76.00 | 81.00 | OK |
Version: 0.1.9
Check: dependencies in R code
Result: NOTE
Namespace in Imports field not imported from: ‘ggplot2’
All declared Imports should be used.
Flavors: r-devel-linux-x86_64-fedora-clang, r-devel-linux-x86_64-fedora-gcc, r-oldrel-macos-arm64, r-oldrel-macos-x86_64