CRAN Package Check Results for Package pivmet

Last updated on 2019-09-18 22:52:45 CEST.

Flavor Version Tinstall Tcheck Ttotal Status Flags
r-devel-linux-x86_64-debian-clang 0.2.0 12.21 299.81 312.02 OK
r-devel-linux-x86_64-debian-gcc 0.2.0 11.19 211.94 223.13 OK
r-devel-linux-x86_64-fedora-clang 0.2.0 372.84 OK
r-devel-linux-x86_64-fedora-gcc 0.2.0 385.81 OK
r-devel-windows-ix86+x86_64 0.2.0 69.00 291.00 360.00 WARN
r-patched-linux-x86_64 0.2.0 11.93 288.22 300.15 OK
r-patched-solaris-x86 0.2.0 708.80 OK
r-release-linux-x86_64 0.2.0 11.94 284.50 296.44 OK
r-release-windows-ix86+x86_64 0.2.0 38.00 389.00 427.00 OK
r-release-osx-x86_64 0.2.0 OK
r-oldrel-windows-ix86+x86_64 0.2.0 19.00 263.00 282.00 OK
r-oldrel-osx-x86_64 0.2.0 OK

Check Details

Version: 0.2.0
Check: re-building of vignette outputs
Result: WARN
    Error(s) in re-building vignettes:
    --- re-building 'K-means_clustering_using_the_MUS_algorithm.Rmd' using rmarkdown
    Loading required package: bayesmix
    Loading required package: rjags
    Loading required package: coda
    Linked to JAGS 4.3.0
    Loaded modules: basemod,bugs
    Loading required package: mvtnorm
    Loading required package: RcmdrMisc
    Loading required package: car
    Loading required package: carData
    Loading required package: sandwich
    --- finished re-building 'K-means_clustering_using_the_MUS_algorithm.Rmd'
    
    --- re-building 'Relabelling_in_Bayesian_mixtures_by_pivotal_units.Rmd' using rmarkdown
    Loading required package: bayesmix
    Loading required package: rjags
    Loading required package: coda
    Linked to JAGS 4.3.0
    Loaded modules: basemod,bugs
    Loading required package: mvtnorm
    Loading required package: RcmdrMisc
    Loading required package: car
    Loading required package: carData
    Loading required package: sandwich
    Quitting from lines 142-145 (Relabelling_in_Bayesian_mixtures_by_pivotal_units.Rmd)
    Error: processing vignette 'Relabelling_in_Bayesian_mixtures_by_pivotal_units.Rmd' failed with diagnostics:
    incorrect number of dimensions
    --- failed re-building 'Relabelling_in_Bayesian_mixtures_by_pivotal_units.Rmd'
    
    SUMMARY: processing the following file failed:
     'Relabelling_in_Bayesian_mixtures_by_pivotal_units.Rmd'
    
    Error: Vignette re-building failed.
    Execution halted
Flavor: r-devel-windows-ix86+x86_64