Last updated on 2023-09-29 21:54:01 CEST.
Flavor | Version | Tinstall | Tcheck | Ttotal | Status | Flags |
---|---|---|---|---|---|---|
r-devel-linux-x86_64-debian-clang | 0.9.1 | 7.02 | 109.02 | 116.04 | NOTE | |
r-devel-linux-x86_64-debian-gcc | 0.9.1 | 7.09 | 82.37 | 89.46 | NOTE | |
r-devel-linux-x86_64-fedora-clang | 0.9.1 | 142.99 | NOTE | |||
r-devel-linux-x86_64-fedora-gcc | 0.9.1 | 151.32 | NOTE | |||
r-devel-windows-x86_64 | 0.9.1 | 8.00 | 103.00 | 111.00 | NOTE | |
r-patched-linux-x86_64 | 0.9.1 | 6.63 | 104.57 | 111.20 | NOTE | |
r-release-linux-x86_64 | 0.9.1 | 5.18 | 106.54 | 111.72 | NOTE | |
r-release-macos-arm64 | 0.9.1 | 51.00 | NOTE | |||
r-release-macos-x86_64 | 0.9.1 | 80.00 | NOTE | |||
r-release-windows-x86_64 | 0.9.1 | 11.00 | 125.00 | 136.00 | NOTE | |
r-oldrel-macos-arm64 | 0.9.1 | 37.00 | NOTE | |||
r-oldrel-macos-x86_64 | 0.9.1 | 68.00 | NOTE | |||
r-oldrel-windows-x86_64 | 0.9.1 | 12.00 | 111.00 | 123.00 | NOTE |
Version: 0.9.1
Check: Rd files
Result: NOTE
checkRd: (-1) sanitize_latex.Rd:49: Escaped LaTeX specials: \$
Flavors: r-devel-linux-x86_64-debian-clang, r-devel-linux-x86_64-debian-gcc, r-devel-linux-x86_64-fedora-clang, r-devel-linux-x86_64-fedora-gcc, r-devel-windows-x86_64, r-patched-linux-x86_64, r-release-linux-x86_64, r-release-macos-arm64, r-release-macos-x86_64, r-release-windows-x86_64
Version: 0.9.1
Check: LazyData
Result: NOTE
'LazyData' is specified without a 'data' directory
Flavors: r-devel-linux-x86_64-debian-clang, r-devel-linux-x86_64-debian-gcc, r-devel-linux-x86_64-fedora-clang, r-devel-linux-x86_64-fedora-gcc, r-devel-windows-x86_64, r-patched-linux-x86_64, r-release-linux-x86_64, r-release-macos-arm64, r-release-macos-x86_64, r-release-windows-x86_64, r-oldrel-macos-arm64, r-oldrel-macos-x86_64, r-oldrel-windows-x86_64
Version: 0.9.1
Check: Rd cross-references
Result: NOTE
Undeclared package ‘Hmisc’ in Rd xrefs
Flavor: r-devel-linux-x86_64-fedora-clang