CRAN Package Check Results for Package pkgcache

Last updated on 2021-10-23 22:57:57 CEST.

Flavor Version Tinstall Tcheck Ttotal Status Flags
r-devel-linux-x86_64-debian-clang 1.2.2 15.85 91.37 107.22 OK
r-devel-linux-x86_64-debian-gcc 1.2.2 11.95 68.01 79.96 OK
r-devel-linux-x86_64-fedora-clang 1.2.2 137.06 OK
r-devel-linux-x86_64-fedora-gcc 1.2.2 141.61 OK
r-devel-windows-x86_64 1.2.2 23.00 128.00 151.00 OK
r-devel-windows-x86_64-gcc10-UCRT 1.2.2 OK
r-patched-linux-x86_64 1.2.2 15.28 85.93 101.21 OK
r-patched-solaris-x86 1.2.2 172.40 NOTE
r-release-linux-x86_64 1.2.2 11.83 86.61 98.44 OK
r-release-macos-arm64 1.2.2 OK
r-release-macos-x86_64 1.2.2 OK
r-release-windows-ix86+x86_64 1.2.2 20.00 125.00 145.00 OK
r-oldrel-macos-x86_64 1.2.2 OK
r-oldrel-windows-ix86+x86_64 1.2.2 27.00 127.00 154.00 OK

Check Details

Version: 1.2.2
Check: for detritus in the temp directory
Result: NOTE
    Found the following files/directories:
     ‘Rtmpk_aiQW’
Flavor: r-patched-solaris-x86