Last updated on 2022-07-04 22:59:19 CEST.
Flavor | Version | Tinstall | Tcheck | Ttotal | Status | Flags |
---|---|---|---|---|---|---|
r-devel-linux-x86_64-debian-clang | 2.0.5 | 11.13 | 146.29 | 157.42 | OK | |
r-devel-linux-x86_64-debian-gcc | 2.0.5 | 8.48 | 111.25 | 119.73 | OK | |
r-devel-linux-x86_64-fedora-clang | 2.0.5 | 178.10 | NOTE | |||
r-devel-linux-x86_64-fedora-gcc | 2.0.5 | 190.67 | OK | |||
r-devel-windows-x86_64 | 2.0.5 | 160.00 | 246.00 | 406.00 | OK | |
r-patched-linux-x86_64 | 2.0.5 | 8.55 | 140.57 | 149.12 | OK | |
r-release-linux-x86_64 | 2.0.5 | 8.16 | 141.26 | 149.42 | OK | |
r-release-macos-arm64 | 2.0.5 | 90.00 | OK | |||
r-release-macos-x86_64 | 2.0.5 | 114.00 | OK | |||
r-release-windows-x86_64 | 2.0.5 | 209.00 | 244.00 | 453.00 | OK | |
r-oldrel-macos-arm64 | 2.0.5 | 77.00 | OK | |||
r-oldrel-macos-x86_64 | 2.0.5 | 116.00 | OK | |||
r-oldrel-windows-ix86+x86_64 | 2.0.5 | 20.00 | 210.00 | 230.00 | OK |
Version: 2.0.5
Check: Rd cross-references
Result: NOTE
Undeclared package ‘usethis’ in Rd xrefs
Flavor: r-devel-linux-x86_64-fedora-clang