CRAN Package Check Results for Package pkggraph

Last updated on 2021-06-15 22:53:51 CEST.

Flavor Version Tinstall Tcheck Ttotal Status Flags
r-devel-linux-x86_64-debian-clang 0.2.3 12.34 150.01 162.35 OK
r-devel-linux-x86_64-debian-gcc 0.2.3 9.55 112.42 121.97 OK
r-devel-linux-x86_64-fedora-clang 0.2.3 199.54 OK
r-devel-linux-x86_64-fedora-gcc 0.2.3 189.27 OK
r-devel-windows-x86_64 0.2.3 19.00 175.00 194.00 OK
r-devel-windows-x86_64-gcc10-UCRT 0.2.3 OK
r-patched-linux-x86_64 0.2.3 11.00 142.64 153.64 OK
r-patched-solaris-x86 0.2.3 270.90 NOTE
r-release-linux-x86_64 0.2.3 9.11 141.93 151.04 OK
r-release-macos-arm64 0.2.3 OK
r-release-macos-x86_64 0.2.3 OK
r-release-windows-ix86+x86_64 0.2.3 27.00 174.00 201.00 OK
r-oldrel-macos-x86_64 0.2.3 OK
r-oldrel-windows-ix86+x86_64 0.2.3 32.00 200.00 232.00 OK

Check Details

Version: 0.2.3
Check: installed package size
Result: NOTE
     installed size is 5.1Mb
     sub-directories of 1Mb or more:
     doc 4.4Mb
Flavor: r-patched-solaris-x86