CRAN Package Check Results for Package pkgmaker

Last updated on 2020-01-17 22:51:00 CET.

Flavor Version Tinstall Tcheck Ttotal Status Flags
r-devel-linux-x86_64-debian-clang 0.27 11.55 56.05 67.60 NOTE
r-devel-linux-x86_64-debian-gcc 0.27 7.67 43.04 50.71 NOTE
r-devel-linux-x86_64-fedora-clang 0.27 82.93 NOTE
r-devel-linux-x86_64-fedora-gcc 0.27 79.82 NOTE
r-devel-windows-ix86+x86_64 0.27 21.00 108.00 129.00 OK
r-devel-windows-ix86+x86_64-gcc8 0.27 15.00 99.00 114.00 OK
r-patched-linux-x86_64 0.27 9.49 50.80 60.29 OK
r-patched-solaris-x86 0.27 98.70 NOTE
r-release-linux-x86_64 0.27 8.58 50.45 59.03 OK
r-release-windows-ix86+x86_64 0.27 18.00 95.00 113.00 OK
r-release-osx-x86_64 0.27 NOTE
r-oldrel-windows-ix86+x86_64 0.27 19.00 108.00 127.00 OK
r-oldrel-osx-x86_64 0.27 NOTE

Check Details

Version: 0.27
Check: for non-standard things in the check directory
Result: NOTE
    Found the following files/directories:
     'file10d517551ac.md'
Flavor: r-devel-linux-x86_64-debian-clang

Version: 0.27
Check: for non-standard things in the check directory
Result: NOTE
    Found the following files/directories:
     ‘file65cb500558f4.md’
Flavor: r-devel-linux-x86_64-debian-gcc

Version: 0.27
Check: dependencies in R code
Result: NOTE
    Namespaces in Imports field not imported from:
     ‘magrittr’ ‘stringi’
     All declared Imports should be used.
Flavors: r-devel-linux-x86_64-fedora-clang, r-devel-linux-x86_64-fedora-gcc, r-patched-solaris-x86, r-release-osx-x86_64, r-oldrel-osx-x86_64

Version: 0.27
Check: for non-standard things in the check directory
Result: NOTE
    Found the following files/directories:
     ‘fileb8101f25b5be.md’
Flavor: r-devel-linux-x86_64-fedora-clang

Version: 0.27
Check: for non-standard things in the check directory
Result: NOTE
    Found the following files/directories:
     ‘file7e9c4e885322.md’
Flavor: r-devel-linux-x86_64-fedora-gcc

Version: 0.27
Check: package dependencies
Result: NOTE
    Package suggested but not available for checking: ‘Biobase’
Flavor: r-release-osx-x86_64