CRAN Package Check Results for Package pkgmaker

Last updated on 2019-09-14 22:48:33 CEST.

Flavor Version Tinstall Tcheck Ttotal Status Flags
r-devel-linux-x86_64-debian-clang 0.27 9.55 50.13 59.68 NOTE
r-devel-linux-x86_64-debian-gcc 0.27 7.70 39.71 47.41 NOTE
r-devel-linux-x86_64-fedora-clang 0.27 70.21 NOTE
r-devel-linux-x86_64-fedora-gcc 0.27 73.42 NOTE
r-devel-windows-ix86+x86_64 0.27 18.00 68.00 86.00 OK
r-patched-linux-x86_64 0.27 7.90 50.69 58.59 OK
r-patched-solaris-x86 0.27 95.00 NOTE
r-release-linux-x86_64 0.27 9.34 51.28 60.62 OK
r-release-windows-ix86+x86_64 0.27 12.00 96.00 108.00 OK
r-release-osx-x86_64 0.27 NOTE
r-oldrel-windows-ix86+x86_64 0.27 19.00 84.00 103.00 OK
r-oldrel-osx-x86_64 0.27 NOTE

Check Details

Version: 0.27
Check: for non-standard things in the check directory
Result: NOTE
    Found the following files/directories:
     'file6c01745430fb.md'
Flavor: r-devel-linux-x86_64-debian-clang

Version: 0.27
Check: for non-standard things in the check directory
Result: NOTE
    Found the following files/directories:
     ‘file5a677024b26b.md’
Flavor: r-devel-linux-x86_64-debian-gcc

Version: 0.27
Check: dependencies in R code
Result: NOTE
    Namespaces in Imports field not imported from:
     ‘magrittr’ ‘stringi’
     All declared Imports should be used.
Flavors: r-devel-linux-x86_64-fedora-clang, r-devel-linux-x86_64-fedora-gcc, r-patched-solaris-x86, r-release-osx-x86_64, r-oldrel-osx-x86_64

Version: 0.27
Check: for non-standard things in the check directory
Result: NOTE
    Found the following files/directories:
     ‘file574776bf050b.md’
Flavor: r-devel-linux-x86_64-fedora-clang

Version: 0.27
Check: for non-standard things in the check directory
Result: NOTE
    Found the following files/directories:
     ‘file68ff3993c6a3.md’
Flavor: r-devel-linux-x86_64-fedora-gcc

Version: 0.27
Check: package dependencies
Result: NOTE
    Package suggested but not available for checking: ‘Biobase’
Flavor: r-release-osx-x86_64