CRAN Package Check Results for Package pkgnews

Last updated on 2021-11-30 22:54:39 CET.

Flavor Version Tinstall Tcheck Ttotal Status Flags
r-devel-linux-x86_64-debian-clang 0.0.2 1.77 24.23 26.00 NOTE
r-devel-linux-x86_64-debian-gcc 0.0.2 1.08 20.57 21.65 NOTE
r-devel-linux-x86_64-fedora-clang 0.0.2 43.34 NOTE
r-devel-linux-x86_64-fedora-gcc 0.0.2 30.06 NOTE
r-devel-windows-x86_64-new-UL 0.0.2 6.00 62.00 68.00 NOTE
r-devel-windows-x86_64-new-TK 0.0.2 NOTE
r-devel-windows-x86_64-old 0.0.2 3.00 38.00 41.00 NOTE
r-patched-linux-x86_64 0.0.2 1.86 23.38 25.24 NOTE
r-patched-solaris-x86 0.0.2 43.90 NOTE
r-release-linux-x86_64 0.0.2 1.71 23.62 25.33 NOTE
r-release-macos-arm64 0.0.2 NOTE
r-release-macos-x86_64 0.0.2 NOTE
r-release-windows-ix86+x86_64 0.0.2 4.00 40.00 44.00 NOTE
r-oldrel-macos-x86_64 0.0.2 OK
r-oldrel-windows-ix86+x86_64 0.0.2 4.00 46.00 50.00 OK

Check Details

Version: 0.0.2
Check: LazyData
Result: NOTE
     'LazyData' is specified without a 'data' directory
Flavors: r-devel-linux-x86_64-debian-clang, r-devel-linux-x86_64-debian-gcc, r-devel-linux-x86_64-fedora-clang, r-devel-linux-x86_64-fedora-gcc, r-devel-windows-x86_64-new-UL, r-devel-windows-x86_64-new-TK, r-devel-windows-x86_64-old, r-patched-linux-x86_64, r-patched-solaris-x86, r-release-linux-x86_64, r-release-macos-arm64, r-release-macos-x86_64, r-release-windows-ix86+x86_64