CRAN Package Check Results for Package pkgsearch

Last updated on 2021-10-17 22:48:43 CEST.

Flavor Version Tinstall Tcheck Ttotal Status Flags
r-devel-linux-x86_64-debian-clang 3.0.3 5.12 32.54 37.66 NOTE
r-devel-linux-x86_64-debian-gcc 3.0.3 3.73 25.89 29.62 NOTE
r-devel-linux-x86_64-fedora-clang 3.0.3 54.64 NOTE
r-devel-linux-x86_64-fedora-gcc 3.0.3 43.45 NOTE
r-devel-windows-x86_64 3.0.3 7.00 57.00 64.00 NOTE
r-devel-windows-x86_64-gcc10-UCRT 3.0.3 NOTE
r-patched-linux-x86_64 3.0.3 4.38 32.41 36.79 NOTE
r-patched-solaris-x86 3.0.3 67.20 NOTE
r-release-linux-x86_64 3.0.3 4.42 31.94 36.36 NOTE
r-release-macos-arm64 3.0.3 NOTE
r-release-macos-x86_64 3.0.3 NOTE
r-release-windows-ix86+x86_64 3.0.3 6.00 56.00 62.00 NOTE
r-oldrel-macos-x86_64 3.0.3 OK
r-oldrel-windows-ix86+x86_64 3.0.3 11.00 57.00 68.00 OK

Check Details

Version: 3.0.3
Check: LazyData
Result: NOTE
     'LazyData' is specified without a 'data' directory
Flavors: r-devel-linux-x86_64-debian-clang, r-devel-linux-x86_64-debian-gcc, r-devel-linux-x86_64-fedora-clang, r-devel-linux-x86_64-fedora-gcc, r-devel-windows-x86_64, r-devel-windows-x86_64-gcc10-UCRT, r-patched-linux-x86_64, r-patched-solaris-x86, r-release-linux-x86_64, r-release-macos-arm64, r-release-macos-x86_64, r-release-windows-ix86+x86_64