CRAN Package Check Results for Package pkgverse

Last updated on 2021-10-19 22:54:05 CEST.

Flavor Version Tinstall Tcheck Ttotal Status Flags
r-devel-linux-x86_64-debian-clang 0.0.1 2.06 21.21 23.27 NOTE
r-devel-linux-x86_64-debian-gcc 0.0.1 1.65 16.43 18.08 NOTE
r-devel-linux-x86_64-fedora-clang 0.0.1 39.93 NOTE
r-devel-linux-x86_64-fedora-gcc 0.0.1 28.37 NOTE
r-devel-windows-x86_64 0.0.1 5.00 39.00 44.00 NOTE
r-devel-windows-x86_64-gcc10-UCRT 0.0.1 NOTE
r-patched-linux-x86_64 0.0.1 2.16 20.22 22.38 NOTE
r-patched-solaris-x86 0.0.1 47.90 NOTE
r-release-linux-x86_64 0.0.1 2.02 20.56 22.58 NOTE
r-release-macos-arm64 0.0.1 NOTE
r-release-macos-x86_64 0.0.1 NOTE
r-release-windows-ix86+x86_64 0.0.1 7.00 38.00 45.00 NOTE
r-oldrel-macos-x86_64 0.0.1 OK
r-oldrel-windows-ix86+x86_64 0.0.1 6.00 44.00 50.00 OK

Check Details

Version: 0.0.1
Check: LazyData
Result: NOTE
     'LazyData' is specified without a 'data' directory
Flavors: r-devel-linux-x86_64-debian-clang, r-devel-linux-x86_64-debian-gcc, r-devel-linux-x86_64-fedora-clang, r-devel-linux-x86_64-fedora-gcc, r-devel-windows-x86_64, r-devel-windows-x86_64-gcc10-UCRT, r-patched-linux-x86_64, r-patched-solaris-x86, r-release-linux-x86_64, r-release-macos-arm64, r-release-macos-x86_64, r-release-windows-ix86+x86_64