CRAN Package Check Results for Package pkgverse

Last updated on 2021-08-03 22:53:35 CEST.

Flavor Version Tinstall Tcheck Ttotal Status Flags
r-devel-linux-x86_64-debian-clang 0.0.1 1.97 22.38 24.35 NOTE
r-devel-linux-x86_64-debian-gcc 0.0.1 1.75 17.67 19.42 NOTE
r-devel-linux-x86_64-fedora-clang 0.0.1 38.78 NOTE
r-devel-linux-x86_64-fedora-gcc 0.0.1 27.97 NOTE
r-devel-windows-x86_64 0.0.1 19.00 36.00 55.00 NOTE
r-devel-windows-x86_64-gcc10-UCRT 0.0.1 NOTE
r-patched-linux-x86_64 0.0.1 2.09 21.20 23.29 NOTE
r-patched-solaris-x86 0.0.1 45.90 NOTE
r-release-linux-x86_64 0.0.1 1.88 21.80 23.68 NOTE
r-release-macos-arm64 0.0.1 NOTE
r-release-macos-x86_64 0.0.1 NOTE
r-release-windows-ix86+x86_64 0.0.1 6.00 29.00 35.00 NOTE
r-oldrel-macos-x86_64 0.0.1 OK
r-oldrel-windows-ix86+x86_64 0.0.1 13.00 37.00 50.00 OK

Check Details

Version: 0.0.1
Check: LazyData
Result: NOTE
     'LazyData' is specified without a 'data' directory
Flavors: r-devel-linux-x86_64-debian-clang, r-devel-linux-x86_64-debian-gcc, r-devel-linux-x86_64-fedora-clang, r-devel-linux-x86_64-fedora-gcc, r-devel-windows-x86_64, r-devel-windows-x86_64-gcc10-UCRT, r-patched-linux-x86_64, r-patched-solaris-x86, r-release-linux-x86_64, r-release-macos-arm64, r-release-macos-x86_64, r-release-windows-ix86+x86_64