CRAN Package Check Results for Package plantecophys

Last updated on 2024-06-13 22:49:39 CEST.

Flavor Version Tinstall Tcheck Ttotal Status Flags
r-devel-linux-x86_64-debian-clang 1.4-6 4.23 139.02 143.25 OK
r-devel-linux-x86_64-debian-gcc 1.4-6 4.05 45.61 49.66 ERROR
r-devel-linux-x86_64-fedora-clang 1.4-6 175.91 OK
r-devel-linux-x86_64-fedora-gcc 1.4-6 176.32 OK
r-devel-windows-x86_64 1.4-6 5.00 105.00 110.00 OK
r-patched-linux-x86_64 1.4-6 5.47 131.06 136.53 OK
r-release-linux-x86_64 1.4-6 3.84 134.63 138.47 OK
r-release-macos-arm64 1.4-6 56.00 OK
r-release-macos-x86_64 1.4-6 79.00 OK
r-release-windows-x86_64 1.4-6 5.00 108.00 113.00 OK
r-oldrel-macos-arm64 1.4-6 54.00 OK
r-oldrel-macos-x86_64 1.4-6 90.00 OK
r-oldrel-windows-x86_64 1.4-6 6.00 127.00 133.00 OK

Check Details

Version: 1.4-6
Check: package dependencies
Result: NOTE Package suggested but not available for checking: ‘testthat’ Flavor: r-devel-linux-x86_64-debian-gcc

Version: 1.4-6
Check: tests
Result: ERROR Running ‘testthat.R’ [0s/1s] Running the tests in ‘tests/testthat.R’ failed. Complete output: > library(testthat) Error in library(testthat) : there is no package called 'testthat' Execution halted Flavor: r-devel-linux-x86_64-debian-gcc