CRAN Package Check Results for Package plantecowrap

Last updated on 2021-11-29 22:59:20 CET.

Flavor Version Tinstall Tcheck Ttotal Status Flags
r-devel-linux-x86_64-debian-clang 1.0.4 5.96 173.35 179.31 NOTE
r-devel-linux-x86_64-debian-gcc 1.0.4 4.13 120.04 124.17 NOTE
r-devel-linux-x86_64-fedora-clang 1.0.4 213.18 NOTE
r-devel-linux-x86_64-fedora-gcc 1.0.4 200.73 NOTE
r-devel-windows-x86_64-new-UL 1.0.4 16.00 218.00 234.00 NOTE
r-devel-windows-x86_64-new-TK 1.0.4 NOTE
r-devel-windows-x86_64-old 1.0.4 11.00 154.00 165.00 NOTE
r-patched-linux-x86_64 1.0.4 6.26 161.74 168.00 NOTE
r-patched-solaris-x86 1.0.4 164.10 NOTE
r-release-linux-x86_64 1.0.4 5.05 161.90 166.95 NOTE
r-release-macos-arm64 1.0.4 NOTE
r-release-macos-x86_64 1.0.4 NOTE
r-release-windows-ix86+x86_64 1.0.4 15.00 149.00 164.00 NOTE
r-oldrel-macos-x86_64 1.0.4 OK
r-oldrel-windows-ix86+x86_64 1.0.4 11.00 147.00 158.00 OK

Check Details

Version: 1.0.4
Check: LazyData
Result: NOTE
     'LazyData' is specified without a 'data' directory
Flavors: r-devel-linux-x86_64-debian-clang, r-devel-linux-x86_64-debian-gcc, r-devel-linux-x86_64-fedora-clang, r-devel-linux-x86_64-fedora-gcc, r-devel-windows-x86_64-new-UL, r-devel-windows-x86_64-new-TK, r-devel-windows-x86_64-old, r-patched-linux-x86_64, r-patched-solaris-x86, r-release-linux-x86_64, r-release-macos-arm64, r-release-macos-x86_64, r-release-windows-ix86+x86_64