Last updated on 2024-04-18 22:52:52 CEST.
Flavor | Version | Tinstall | Tcheck | Ttotal | Status | Flags |
---|---|---|---|---|---|---|
r-devel-linux-x86_64-debian-clang | 1.0.0 | 49.12 | 36.85 | 85.97 | NOTE | |
r-devel-linux-x86_64-debian-gcc | 1.0.0 | 37.36 | 27.81 | 65.17 | NOTE | |
r-devel-linux-x86_64-fedora-clang | 1.0.0 | 123.05 | NOTE | |||
r-devel-linux-x86_64-fedora-gcc | 1.0.0 | 119.28 | NOTE | |||
r-prerel-macos-arm64 | 1.0.0 | 30.00 | NOTE | |||
r-prerel-windows-x86_64 | 1.0.0 | 39.00 | 65.00 | 104.00 | NOTE | |
r-patched-linux-x86_64 | 1.0.0 | 42.26 | 35.79 | 78.05 | NOTE | |
r-release-linux-x86_64 | 1.0.0 | 45.78 | 36.03 | 81.81 | NOTE | |
r-release-macos-arm64 | 1.0.0 | 34.00 | NOTE | |||
r-release-macos-x86_64 | 1.0.0 | 53.00 | NOTE | |||
r-release-windows-x86_64 | 1.0.0 | 42.00 | 76.00 | 118.00 | NOTE | |
r-oldrel-macos-arm64 | 1.0.0 | 35.00 | OK | |||
r-oldrel-windows-x86_64 | 1.0.0 | 47.00 | 75.00 | 122.00 | OK |
Version: 1.0.0
Check: C++ specification
Result: NOTE
Specified C++11: please drop specification unless essential
Flavors: r-devel-linux-x86_64-debian-clang, r-devel-linux-x86_64-debian-gcc, r-devel-linux-x86_64-fedora-clang, r-devel-linux-x86_64-fedora-gcc, r-prerel-macos-arm64, r-prerel-windows-x86_64, r-patched-linux-x86_64, r-release-linux-x86_64, r-release-macos-arm64, r-release-macos-x86_64, r-release-windows-x86_64