CRAN Package Check Results for Package plinkQC

Last updated on 2020-02-17 22:49:42 CET.

Flavor Version Tinstall Tcheck Ttotal Status Flags
r-devel-linux-x86_64-debian-clang 0.3.0 7.21 84.60 91.81 OK
r-devel-linux-x86_64-debian-gcc 0.3.0 5.72 65.87 71.59 OK
r-devel-linux-x86_64-fedora-clang 0.3.0 115.68 OK
r-devel-linux-x86_64-fedora-gcc 0.3.0 110.94 OK
r-devel-windows-ix86+x86_64 0.3.0 16.00 121.00 137.00 OK
r-devel-windows-ix86+x86_64-gcc8 0.3.0 24.00 134.00 158.00 OK
r-patched-linux-x86_64 0.3.0 6.71 75.99 82.70 OK
r-patched-solaris-x86 0.3.0 111.70 OK
r-release-linux-x86_64 0.3.0 6.58 76.82 83.40 OK
r-release-windows-ix86+x86_64 0.3.0 11.00 125.00 136.00 OK
r-release-osx-x86_64 0.3.0 OK
r-oldrel-windows-ix86+x86_64 0.2.3 9.00 110.00 119.00 OK
r-oldrel-osx-x86_64 0.3.0 ERROR

Check Details

Version: 0.3.0
Check: whether package can be installed
Result: ERROR
    Installation failed.
Flavor: r-oldrel-osx-x86_64