CRAN Package Check Results for Package pls

Last updated on 2020-02-24 22:50:33 CET.

Flavor Version Tinstall Tcheck Ttotal Status Flags
r-devel-linux-x86_64-debian-clang 2.7-2 6.93 60.97 67.90 OK
r-devel-linux-x86_64-debian-gcc 2.7-2 5.56 46.50 52.06 OK
r-devel-linux-x86_64-fedora-clang 2.7-2 81.43 OK
r-devel-linux-x86_64-fedora-gcc 2.7-2 79.00 OK
r-devel-windows-ix86+x86_64 2.7-2 10.00 71.00 81.00 OK
r-devel-windows-ix86+x86_64-gcc8 2.7-2 15.00 76.00 91.00 OK
r-patched-linux-x86_64 2.7-2 6.28 56.31 62.59 OK
r-patched-solaris-x86 2.7-2 119.40 OK
r-release-linux-x86_64 2.7-2 6.38 55.72 62.10 OK
r-release-windows-ix86+x86_64 2.7-2 8.00 74.00 82.00 OK
r-release-osx-x86_64 2.7-2 NOTE
r-oldrel-windows-ix86+x86_64 2.7-2 12.00 72.00 84.00 OK
r-oldrel-osx-x86_64 2.7-2 NOTE

Check Details

Version: 2.7-2
Check: package dependencies
Result: NOTE
    Package suggested but not available for checking: ‘Rmpi’
Flavors: r-release-osx-x86_64, r-oldrel-osx-x86_64