CRAN Package Check Results for Package pls

Last updated on 2019-09-18 22:52:46 CEST.

Flavor Version Tinstall Tcheck Ttotal Status Flags
r-devel-linux-x86_64-debian-clang 2.7-1 6.01 54.65 60.66 OK
r-devel-linux-x86_64-debian-gcc 2.7-1 5.11 43.52 48.63 OK
r-devel-linux-x86_64-fedora-clang 2.7-1 74.64 OK
r-devel-linux-x86_64-fedora-gcc 2.7-1 76.87 OK
r-devel-windows-ix86+x86_64 2.7-1 14.00 68.00 82.00 OK
r-patched-linux-x86_64 2.7-1 5.37 54.44 59.81 OK
r-patched-solaris-x86 2.7-1 118.40 OK
r-release-linux-x86_64 2.7-1 5.01 54.56 59.57 OK
r-release-windows-ix86+x86_64 2.7-1 10.00 98.00 108.00 OK
r-release-osx-x86_64 2.7-1 NOTE
r-oldrel-windows-ix86+x86_64 2.7-1 7.00 62.00 69.00 OK
r-oldrel-osx-x86_64 2.7-1 NOTE

Check Details

Version: 2.7-1
Check: package dependencies
Result: NOTE
    Package suggested but not available for checking: ‘Rmpi’
Flavors: r-release-osx-x86_64, r-oldrel-osx-x86_64