CRAN Package Check Results for Package plsVarSel

Last updated on 2022-01-23 22:49:50 CET.

Flavor Version Tinstall Tcheck Ttotal Status Flags
r-devel-linux-x86_64-debian-clang 0.9.7 8.31 83.51 91.82 OK
r-devel-linux-x86_64-debian-gcc 0.9.7 7.95 71.51 79.46 OK
r-devel-linux-x86_64-fedora-clang 0.9.7 111.78 OK
r-devel-linux-x86_64-fedora-gcc 0.9.7 98.85 OK
r-devel-windows-x86_64-new-UL 0.9.7 69.00 103.00 172.00 OK
r-devel-windows-x86_64-new-TK 0.9.7 OK
r-patched-linux-x86_64 0.9.7 9.09 80.10 89.19 OK
r-release-linux-x86_64 0.9.7 8.38 80.89 89.27 OK
r-release-macos-arm64 0.9.7 NOTE
r-release-macos-x86_64 0.9.7 NOTE
r-release-windows-ix86+x86_64 0.9.7 20.00 92.00 112.00 OK
r-oldrel-macos-x86_64 0.9.6 NOTE
r-oldrel-windows-ix86+x86_64 0.9.7 20.00 94.00 114.00 OK

Check Details

Version: 0.9.7
Check: package dependencies
Result: NOTE
    Package suggested but not available for checking: ‘Rmpi’
Flavors: r-release-macos-arm64, r-release-macos-x86_64

Version: 0.9.6
Check: package dependencies
Result: NOTE
    Package suggested but not available for checking: ‘Rmpi’
Flavor: r-oldrel-macos-x86_64