CRAN Package Check Results for Package pmd

Last updated on 2021-12-01 22:53:20 CET.

Flavor Version Tinstall Tcheck Ttotal Status Flags
r-devel-linux-x86_64-debian-clang 0.2.1 6.15 146.65 152.80 OK
r-devel-linux-x86_64-debian-gcc 0.2.1 5.16 116.56 121.72 OK
r-devel-linux-x86_64-fedora-clang 0.2.1 196.55 NOTE
r-devel-linux-x86_64-fedora-gcc 0.2.1 184.33 NOTE
r-devel-windows-x86_64-new-UL 0.2.1 16.00 250.00 266.00 OK
r-devel-windows-x86_64-new-TK 0.2.1 NOTE
r-devel-windows-x86_64-old 0.2.1 11.00 146.00 157.00 OK
r-patched-linux-x86_64 0.2.1 6.89 147.79 154.68 OK
r-release-linux-x86_64 0.2.1 6.98 144.52 151.50 OK
r-release-macos-arm64 0.2.1 NOTE
r-release-macos-x86_64 0.2.1 NOTE
r-release-windows-ix86+x86_64 0.2.1 12.00 186.00 198.00 OK
r-oldrel-macos-x86_64 0.2.1 ERROR
r-oldrel-windows-ix86+x86_64 0.2.1 12.00 186.00 198.00 OK

Check Details

Version: 0.2.1
Check: data for non-ASCII characters
Result: NOTE
     Note: found 62 marked UTF-8 strings
Flavors: r-devel-linux-x86_64-fedora-clang, r-devel-linux-x86_64-fedora-gcc, r-devel-windows-x86_64-new-TK, r-release-macos-arm64, r-release-macos-x86_64

Version: 0.2.1
Check: package dependencies
Result: ERROR
    Package required but not available: ‘enviGCMS’
    
    See section ‘The DESCRIPTION file’ in the ‘Writing R Extensions’
    manual.
Flavor: r-oldrel-macos-x86_64