Last updated on 2023-12-06 23:12:09 CET.
Flavor | Version | Tinstall | Tcheck | Ttotal | Status | Flags |
---|---|---|---|---|---|---|
r-devel-linux-x86_64-debian-clang | 1.2.5.1 | 5.33 | 37.80 | 43.13 | NOTE | |
r-devel-linux-x86_64-debian-gcc | 1.2.5.1 | 3.57 | 29.38 | 32.95 | NOTE | |
r-devel-linux-x86_64-fedora-clang | 1.2.5.1 | 53.26 | OK | |||
r-devel-linux-x86_64-fedora-gcc | 1.2.5.1 | 50.21 | OK | |||
r-devel-windows-x86_64 | 1.2.5.1 | 5.00 | 52.00 | 57.00 | OK | |
r-patched-linux-x86_64 | 1.2.5.1 | 5.30 | 37.38 | 42.68 | OK | |
r-release-linux-x86_64 | 1.2.5.1 | 3.79 | 37.73 | 41.52 | OK | |
r-release-macos-arm64 | 1.2.5.1 | 20.00 | OK | |||
r-release-macos-x86_64 | 1.2.5.1 | 30.00 | OK | |||
r-release-windows-x86_64 | 1.2.5.1 | 5.00 | 56.00 | 61.00 | OK | |
r-oldrel-macos-arm64 | 1.2.5.1 | 21.00 | OK | |||
r-oldrel-macos-x86_64 | 1.2.5.1 | 29.00 | OK | |||
r-oldrel-windows-x86_64 | 1.2.5.1 | 19.00 | 65.00 | 84.00 | OK |
Version: 1.2.5.1
Check: Rd files
Result: NOTE
checkRd: (-1) ahp.Rd:16: Lost braces; missing escapes or markup?
16 | an ``A'' matrix. It should be a square matrix with diagonal values equal 1 and $a_{ij} = 1/a_{ij}$.
| ^
checkRd: (-1) ahp.Rd:16: Lost braces; missing escapes or markup?
16 | an ``A'' matrix. It should be a square matrix with diagonal values equal 1 and $a_{ij} = 1/a_{ij}$.
| ^
Flavors: r-devel-linux-x86_64-debian-clang, r-devel-linux-x86_64-debian-gcc