Last updated on 2024-04-25 22:49:17 CEST.
Flavor | Version | Tinstall | Tcheck | Ttotal | Status | Flags |
---|---|---|---|---|---|---|
r-devel-linux-x86_64-debian-clang | 1.6.0.1 | 4.71 | 54.10 | 58.81 | NOTE | |
r-devel-linux-x86_64-debian-gcc | 1.6.0.1 | 3.47 | 40.41 | 43.88 | NOTE | |
r-devel-linux-x86_64-fedora-clang | 1.6.0.1 | 72.08 | NOTE | |||
r-devel-linux-x86_64-fedora-gcc | 1.6.0.1 | 69.92 | NOTE | |||
r-devel-windows-x86_64 | 1.6.0.1 | 6.00 | 69.00 | 75.00 | NOTE | |
r-patched-linux-x86_64 | 1.6.0.1 | 4.57 | 52.75 | 57.32 | NOTE | |
r-release-linux-x86_64 | 1.6.0.1 | 3.76 | 50.24 | 54.00 | NOTE | |
r-release-macos-arm64 | 1.6.0.1 | 25.00 | NOTE | |||
r-release-windows-x86_64 | 1.6.0.1 | 6.00 | 68.00 | 74.00 | NOTE | |
r-oldrel-macos-arm64 | 1.6.0.1 | 30.00 | NOTE | |||
r-oldrel-macos-x86_64 | 1.6.0.1 | 40.00 | NOTE | |||
r-oldrel-windows-x86_64 | 1.6.0.1 | 8.00 | 71.00 | 79.00 | NOTE |
Version: 1.6.0.1
Check: Rd files
Result: NOTE
checkRd: (-1) carcinoma.Rd:8: Escaped LaTeX specials: \&
checkRd: (-1) poLCA.Rd:63: Escaped LaTeX specials: \&
checkRd: (-1) poLCA.Rd:69: Escaped LaTeX specials: \&
Flavors: r-devel-linux-x86_64-debian-clang, r-devel-linux-x86_64-debian-gcc, r-devel-linux-x86_64-fedora-clang, r-devel-linux-x86_64-fedora-gcc, r-devel-windows-x86_64, r-patched-linux-x86_64, r-release-linux-x86_64, r-release-macos-arm64, r-release-windows-x86_64, r-oldrel-macos-arm64, r-oldrel-macos-x86_64, r-oldrel-windows-x86_64
Version: 1.6.0.1
Check: Rd cross-references
Result: NOTE
Undeclared package ‘flexmix’ in Rd xrefs
Flavor: r-devel-linux-x86_64-fedora-clang