CRAN Package Check Results for Package pocketapi

Last updated on 2021-07-29 00:49:19 CEST.

Flavor Version Tinstall Tcheck Ttotal Status Flags
r-devel-linux-x86_64-debian-clang 0.1 NOTE
r-devel-linux-x86_64-debian-gcc 0.1 2.44 30.45 32.89 NOTE
r-devel-linux-x86_64-fedora-clang 0.1 59.13 NOTE
r-devel-linux-x86_64-fedora-gcc 0.1 61.00 NOTE
r-devel-windows-x86_64 0.1 5.00 55.00 60.00 NOTE
r-devel-windows-x86_64-gcc10-UCRT 0.1 NOTE
r-patched-linux-x86_64 0.1 3.13 37.44 40.57 NOTE
r-patched-solaris-x86 0.1 74.20 NOTE
r-release-linux-x86_64 0.1 3.23 37.39 40.62 NOTE
r-release-macos-arm64 0.1 WARN
r-release-macos-x86_64 0.1 NOTE
r-release-windows-ix86+x86_64 0.1 8.00 55.00 63.00 NOTE
r-oldrel-macos-x86_64 0.1 NOTE
r-oldrel-windows-ix86+x86_64 0.1 6.00 56.00 62.00 OK

Check Details

Version: 0.1
Check: LazyData
Result: NOTE
     'LazyData' is specified without a 'data' directory
Flavors: r-devel-linux-x86_64-debian-clang, r-devel-linux-x86_64-debian-gcc, r-devel-linux-x86_64-fedora-clang, r-devel-linux-x86_64-fedora-gcc, r-devel-windows-x86_64, r-devel-windows-x86_64-gcc10-UCRT, r-patched-linux-x86_64, r-patched-solaris-x86, r-release-linux-x86_64, r-release-macos-arm64, r-release-macos-x86_64, r-release-windows-ix86+x86_64

Version: 0.1
Check: dependencies in R code
Result: NOTE
    Namespace in Imports field not imported from: ‘dplyr’
     All declared Imports should be used.
Flavors: r-devel-linux-x86_64-fedora-clang, r-devel-linux-x86_64-fedora-gcc, r-devel-windows-x86_64-gcc10-UCRT, r-patched-solaris-x86, r-release-macos-arm64, r-release-macos-x86_64, r-oldrel-macos-x86_64

Version: 0.1
Check: re-building of vignette outputs
Result: WARN
    Error(s) in re-building vignettes:
    --- re-building ‘pocketapi.Rmd’ using rmarkdown
    Warning in engine$weave(file, quiet = quiet, encoding = enc) :
     Pandoc (>= 1.12.3) not available. Falling back to R Markdown v1.
    
    Attaching package: 'dplyr'
    
    The following object is masked from 'package:testthat':
    
     matches
    
    The following objects are masked from 'package:stats':
    
     filter, lag
    
    The following objects are masked from 'package:base':
    
     intersect, setdiff, setequal, union
    
    Quitting from lines 181-193 (pocketapi.Rmd)
    Error: processing vignette 'pocketapi.Rmd' failed with diagnostics:
    polygon edge not found
    --- failed re-building ‘pocketapi.Rmd’
    
    SUMMARY: processing the following file failed:
     ‘pocketapi.Rmd’
    
    Error: Vignette re-building failed.
    Execution halted
Flavor: r-release-macos-arm64