CRAN Package Check Results for Package pocketapi

Last updated on 2024-02-22 21:51:48 CET.

Flavor Version Tinstall Tcheck Ttotal Status Flags
r-devel-linux-x86_64-debian-clang 0.1 NOTE
r-devel-linux-x86_64-debian-gcc 0.1 3.27 35.07 38.34 NOTE
r-devel-linux-x86_64-fedora-clang 0.1 63.27 NOTE
r-devel-linux-x86_64-fedora-gcc 0.1 88.67 NOTE
r-devel-windows-x86_64 0.1 5.00 57.00 62.00 NOTE
r-patched-linux-x86_64 0.1 4.34 44.20 48.54 NOTE
r-release-linux-x86_64 0.1 3.74 44.26 48.00 NOTE
r-release-macos-arm64 0.1 37.00 NOTE
r-release-macos-x86_64 0.1 72.00 NOTE
r-release-windows-x86_64 0.1 6.00 62.00 68.00 NOTE
r-oldrel-macos-arm64 0.1 27.00 NOTE
r-oldrel-windows-x86_64 0.1 6.00 68.00 74.00 NOTE

Check Details

Version: 0.1
Check: package subdirectories
Result: NOTE Problems with news in ‘NEWS.md’: No news entries found. Flavors: r-devel-linux-x86_64-debian-clang, r-devel-linux-x86_64-debian-gcc, r-devel-linux-x86_64-fedora-clang, r-devel-linux-x86_64-fedora-gcc, r-devel-windows-x86_64, r-patched-linux-x86_64, r-release-linux-x86_64, r-release-macos-arm64, r-release-macos-x86_64, r-release-windows-x86_64

Version: 0.1
Check: LazyData
Result: NOTE 'LazyData' is specified without a 'data' directory Flavors: r-devel-linux-x86_64-debian-clang, r-devel-linux-x86_64-debian-gcc, r-devel-linux-x86_64-fedora-clang, r-devel-linux-x86_64-fedora-gcc, r-devel-windows-x86_64, r-patched-linux-x86_64, r-release-linux-x86_64, r-release-macos-arm64, r-release-macos-x86_64, r-release-windows-x86_64, r-oldrel-macos-arm64, r-oldrel-windows-x86_64

Version: 0.1
Check: dependencies in R code
Result: NOTE Namespace in Imports field not imported from: ‘dplyr’ All declared Imports should be used. Flavors: r-devel-linux-x86_64-fedora-clang, r-devel-linux-x86_64-fedora-gcc, r-oldrel-macos-arm64