Last updated on 2023-11-29 23:02:45 CET.
Flavor | Version | Tinstall | Tcheck | Ttotal | Status | Flags |
---|---|---|---|---|---|---|
r-devel-linux-x86_64-debian-clang | 0.11.4 | 28.67 | 217.15 | 245.82 | OK | |
r-devel-linux-x86_64-debian-gcc | 0.11.4 | 22.43 | 160.34 | 182.77 | OK | |
r-devel-linux-x86_64-fedora-clang | 0.11.4 | 318.51 | NOTE | |||
r-devel-linux-x86_64-fedora-gcc | 0.11.4 | 303.28 | NOTE | |||
r-devel-windows-x86_64 | 0.11.4 | 24.00 | 190.00 | 214.00 | OK | |
r-patched-linux-x86_64 | 0.11.4 | 34.50 | 205.95 | 240.45 | OK | |
r-release-linux-x86_64 | 0.11.4 | 15.72 | 205.86 | 221.58 | OK | |
r-release-macos-arm64 | 0.11.4 | 75.00 | OK | |||
r-release-macos-x86_64 | 0.11.4 | 149.00 | OK | |||
r-release-windows-x86_64 | 0.11.4 | 33.00 | 240.00 | 273.00 | OK | |
r-oldrel-macos-arm64 | 0.11.4 | 63.00 | OK | |||
r-oldrel-macos-x86_64 | 0.11.4 | 87.00 | OK | |||
r-oldrel-windows-x86_64 | 0.11.4 | 32.00 | 174.00 | 206.00 | OK |
Version: 0.11.4
Check: data for non-ASCII characters
Result: NOTE
Note: found 1 marked UTF-8 string
Flavors: r-devel-linux-x86_64-fedora-clang, r-devel-linux-x86_64-fedora-gcc