CRAN Package Check Results for Package pointblank

Last updated on 2022-07-05 22:50:29 CEST.

Flavor Version Tinstall Tcheck Ttotal Status Flags
r-devel-linux-x86_64-debian-clang 0.10.0 27.40 307.48 334.88 OK
r-devel-linux-x86_64-debian-gcc 0.10.0 20.38 226.50 246.88 OK
r-devel-linux-x86_64-fedora-clang 0.10.0 408.96 NOTE
r-devel-linux-x86_64-fedora-gcc 0.10.0 396.70 NOTE
r-devel-windows-x86_64 0.10.0 342.00 348.00 690.00 OK
r-patched-linux-x86_64 0.10.0 24.99 284.72 309.71 OK
r-release-linux-x86_64 0.10.0 17.52 288.71 306.23 OK
r-release-macos-arm64 0.10.0 83.00 NOTE
r-release-macos-x86_64 0.10.0 160.00 NOTE
r-release-windows-x86_64 0.10.0 208.00 330.00 538.00 OK
r-oldrel-macos-arm64 0.10.0 85.00 NOTE
r-oldrel-macos-x86_64 0.10.0 118.00 NOTE
r-oldrel-windows-ix86+x86_64 0.10.0 53.00 367.00 420.00 OK

Check Details

Version: 0.10.0
Check: installed package size
Result: NOTE
     installed size is 5.0Mb
     sub-directories of 1Mb or more:
     help 2.6Mb
Flavor: r-devel-linux-x86_64-fedora-clang

Version: 0.10.0
Check: data for non-ASCII characters
Result: NOTE
     Note: found 1 marked UTF-8 string
Flavors: r-devel-linux-x86_64-fedora-clang, r-devel-linux-x86_64-fedora-gcc, r-release-macos-arm64, r-release-macos-x86_64, r-oldrel-macos-arm64, r-oldrel-macos-x86_64