Last updated on 2024-04-17 23:00:02 CEST.
Flavor | Version | Tinstall | Tcheck | Ttotal | Status | Flags |
---|---|---|---|---|---|---|
r-devel-linux-x86_64-debian-clang | 1.2.1.14 | 5.44 | 43.23 | 48.67 | OK | |
r-devel-linux-x86_64-debian-gcc | 1.2.1.14 | 4.04 | 33.18 | 37.22 | OK | |
r-devel-linux-x86_64-fedora-clang | 1.2.1.14 | 62.31 | NOTE | |||
r-devel-linux-x86_64-fedora-gcc | 1.2.1.14 | 57.71 | NOTE | |||
r-prerel-macos-arm64 | 1.2.1.14 | 22.00 | OK | |||
r-prerel-windows-x86_64 | 1.2.1.14 | 6.00 | 53.00 | 59.00 | OK | |
r-patched-linux-x86_64 | 1.2.1.14 | 5.68 | 42.08 | 47.76 | OK | |
r-release-linux-x86_64 | 1.2.1.14 | 4.61 | 43.22 | 47.83 | OK | |
r-release-macos-arm64 | 1.2.1.14 | 24.00 | OK | |||
r-release-macos-x86_64 | 1.2.1.14 | 32.00 | OK | |||
r-release-windows-x86_64 | 1.2.1.14 | 8.00 | 57.00 | 65.00 | OK | |
r-oldrel-macos-arm64 | 1.2.1.14 | 25.00 | NOTE | |||
r-oldrel-windows-x86_64 | 1.2.1.14 | 8.00 | 62.00 | 70.00 | OK |
Version: 1.2.1.14
Check: dependencies in R code
Result: NOTE
Namespaces in Imports field not imported from:
‘MASS’ ‘car’ ‘formula.tools’ ‘ggplot2’ ‘gplots’ ‘graphics’ ‘purrr’
‘rstatix’ ‘stringr’ ‘tidyverse’
All declared Imports should be used.
Flavors: r-devel-linux-x86_64-fedora-clang, r-devel-linux-x86_64-fedora-gcc, r-oldrel-macos-arm64
Version: 1.2.1.14
Check: data for non-ASCII characters
Result: NOTE
Note: found 2 marked UTF-8 strings
Flavors: r-devel-linux-x86_64-fedora-clang, r-devel-linux-x86_64-fedora-gcc, r-oldrel-macos-arm64