Last updated on 2022-07-05 22:50:29 CEST.
Flavor | Version | Tinstall | Tcheck | Ttotal | Status | Flags |
---|---|---|---|---|---|---|
r-devel-linux-x86_64-debian-clang | 0.6.1 | 13.32 | 96.77 | 110.09 | OK | |
r-devel-linux-x86_64-debian-gcc | 0.6.1 | 10.14 | 71.34 | 81.48 | OK | |
r-devel-linux-x86_64-fedora-clang | 0.6.1 | 140.17 | NOTE | |||
r-devel-linux-x86_64-fedora-gcc | 0.6.1 | 134.52 | OK | |||
r-devel-windows-x86_64 | 0.6.1 | 55.00 | 142.00 | 197.00 | OK | |
r-patched-linux-x86_64 | 0.6.1 | 11.78 | 90.15 | 101.93 | OK | |
r-release-linux-x86_64 | 0.6.1 | 9.76 | 91.29 | 101.05 | OK | |
r-release-macos-arm64 | 0.6.1 | 58.00 | OK | |||
r-release-macos-x86_64 | 0.6.1 | 94.00 | OK | |||
r-release-windows-x86_64 | 0.6.1 | 103.00 | 140.00 | 243.00 | OK | |
r-oldrel-macos-arm64 | 0.6.1 | 71.00 | OK | |||
r-oldrel-macos-x86_64 | 0.6.1 | 84.00 | OK | |||
r-oldrel-windows-ix86+x86_64 | 0.6.1 | 26.00 | 131.00 | 157.00 | OK |
Version: 0.6.1
Check: package dependencies
Result: NOTE
Imports includes 23 non-default packages.
Importing from so many packages makes the package vulnerable to any of
them becoming unavailable. Move as many as possible to Suggests and
use conditionally.
Flavor: r-devel-linux-x86_64-fedora-clang