CRAN Package Check Results for Package polmineR

Last updated on 2024-02-21 21:49:48 CET.

Flavor Version Tinstall Tcheck Ttotal Status Flags
r-devel-linux-x86_64-debian-clang 0.8.9 OK
r-devel-linux-x86_64-debian-gcc 0.8.9 21.43 229.45 250.88 OK
r-devel-linux-x86_64-fedora-clang 0.8.9 427.78 OK
r-devel-linux-x86_64-fedora-gcc 0.8.9 397.27 OK
r-devel-windows-x86_64 0.8.9 24.00 240.00 264.00 OK
r-patched-linux-x86_64 0.8.9 26.85 296.30 323.15 OK
r-release-linux-x86_64 0.8.9 18.03 292.87 310.90 OK
r-release-macos-arm64 0.8.9 195.00 NOTE
r-release-macos-x86_64 0.8.9 266.00 NOTE
r-release-windows-x86_64 0.8.9 31.00 315.00 346.00 OK
r-oldrel-macos-arm64 0.8.9 112.00 NOTE
r-oldrel-windows-x86_64 0.8.9 36.00 307.00 343.00 OK

Check Details

Version: 0.8.9
Check: installed package size
Result: NOTE installed size is 5.2Mb sub-directories of 1Mb or more: R 2.0Mb extdata 1.9Mb Flavors: r-release-macos-arm64, r-release-macos-x86_64, r-oldrel-macos-arm64