Last updated on 2023-09-20 21:52:58 CEST.
Flavor | Version | Tinstall | Tcheck | Ttotal | Status | Flags |
---|---|---|---|---|---|---|
r-devel-linux-x86_64-debian-clang | 0.8.8 | 27.97 | 361.47 | 389.44 | OK | |
r-devel-linux-x86_64-debian-gcc | 0.8.8 | 22.21 | 228.72 | 250.93 | OK | |
r-devel-linux-x86_64-fedora-clang | 0.8.8 | 443.60 | OK | |||
r-devel-linux-x86_64-fedora-gcc | 0.8.8 | 416.40 | OK | |||
r-devel-windows-x86_64 | 0.8.8 | 26.00 | 246.00 | 272.00 | OK | |
r-patched-linux-x86_64 | 0.8.8 | 25.87 | 286.96 | 312.83 | OK | |
r-release-linux-x86_64 | 0.8.8 | 24.38 | 298.56 | 322.94 | OK | |
r-release-macos-arm64 | 0.8.8 | 122.00 | NOTE | |||
r-release-macos-x86_64 | 0.8.8 | 200.00 | NOTE | |||
r-release-windows-x86_64 | 0.8.8 | 33.00 | 307.00 | 340.00 | OK | |
r-oldrel-macos-arm64 | 0.8.8 | 110.00 | NOTE | |||
r-oldrel-macos-x86_64 | 0.8.8 | 134.00 | OK | |||
r-oldrel-windows-x86_64 | 0.8.8 | 35.00 | 275.00 | 310.00 | OK |
Version: 0.8.8
Check: installed package size
Result: NOTE
installed size is 5.1Mb
sub-directories of 1Mb or more:
R 2.0Mb
extdata 1.8Mb
Flavors: r-release-macos-arm64, r-release-macos-x86_64, r-oldrel-macos-arm64