Last updated on 2023-09-30 22:59:15 CEST.
Flavor | Version | Tinstall | Tcheck | Ttotal | Status | Flags |
---|---|---|---|---|---|---|
r-devel-linux-x86_64-debian-clang | 0.8.1 | 4.01 | 67.26 | 71.27 | NOTE | |
r-devel-linux-x86_64-debian-gcc | 0.8.1 | 4.75 | 52.19 | 56.94 | NOTE | |
r-devel-linux-x86_64-fedora-clang | 0.8.1 | 91.22 | NOTE | |||
r-devel-linux-x86_64-fedora-gcc | 0.8.1 | 109.13 | NOTE | |||
r-devel-windows-x86_64 | 0.8.1 | 8.00 | 81.00 | 89.00 | NOTE | |
r-patched-linux-x86_64 | 0.8.1 | 9.15 | 65.62 | 74.77 | NOTE | |
r-release-linux-x86_64 | 0.8.1 | 4.13 | 66.26 | 70.39 | NOTE | |
r-release-macos-arm64 | 0.8.1 | 40.00 | OK | |||
r-release-macos-x86_64 | 0.8.1 | 60.00 | OK | |||
r-release-windows-x86_64 | 0.8.1 | 11.00 | 92.00 | 103.00 | NOTE | |
r-oldrel-macos-arm64 | 0.8.1 | 33.00 | OK | |||
r-oldrel-macos-x86_64 | 0.8.1 | 45.00 | OK | |||
r-oldrel-windows-x86_64 | 0.8.1 | 10.00 | 94.00 | 104.00 | NOTE |
Version: 0.8.1
Check: package dependencies
Result: NOTE
Package suggested but not available for checking: ‘gpclib’
Flavors: r-devel-linux-x86_64-debian-clang, r-devel-linux-x86_64-debian-gcc, r-devel-linux-x86_64-fedora-clang, r-devel-linux-x86_64-fedora-gcc, r-devel-windows-x86_64, r-patched-linux-x86_64, r-release-linux-x86_64, r-release-windows-x86_64, r-oldrel-windows-x86_64
Version: 0.8.1
Check: Rd cross-references
Result: NOTE
Unknown package ‘gpclib’ in Rd xrefs
Flavors: r-devel-linux-x86_64-debian-clang, r-devel-linux-x86_64-debian-gcc, r-devel-linux-x86_64-fedora-clang, r-devel-linux-x86_64-fedora-gcc, r-devel-windows-x86_64, r-patched-linux-x86_64, r-release-linux-x86_64, r-release-windows-x86_64, r-oldrel-windows-x86_64